{"id":839,"date":"2020-05-24T16:35:39","date_gmt":"2020-05-24T14:35:39","guid":{"rendered":"http:\/\/nagibel.com\/?page_id=839"},"modified":"2020-08-31T15:30:52","modified_gmt":"2020-08-31T13:30:52","slug":"confinement","status":"publish","type":"page","link":"http:\/\/nagibel.com\/index.php\/confinement\/","title":{"rendered":"Confinement"},"content":{"rendered":"\n<p>Entre mars et mai, la Belgique \u00e9tait compl\u00e8tement confin\u00e9e. C&#8217;est la 1\u00e8re fois en 30 ans qu&#8217;il n&#8217;y a pas eut de cours du tout. Les anciens \u00e9taient tr\u00e8s perturb\u00e9s!<\/p>\n\n\n\n<p>La f\u00e9d\u00e9ration a d\u00fb se r\u00e9inventer, ce que les professeurs ont rapidement fait: chaque vendredi, un cours en ligne \u00e0 \u00e9t\u00e9 arrang\u00e9. De plus, Charlotte Vandersleyen a lanc\u00e9 un cours internationnal le mercredi soir qui a tant plus qu&#8217;il subsiste encore.<\/p>\n\n\n\n<p>Fin mai, nous pouvons enfin faire du sport en plein air: Il n&#8217;en faut pas plus pour que notre groupe organise un cours dans le bois de la Cambre. <\/p>\n\n\n\n<figure class=\"wp-block-image size-large is-resized\"><img decoding=\"async\" loading=\"lazy\" src=\"http:\/\/nagibel.com\/wp-content\/uploads\/2020\/05\/image.png\" alt=\"\" class=\"wp-image-840\" width=\"586\" height=\"439\" srcset=\"http:\/\/nagibel.com\/wp-content\/uploads\/2020\/05\/image.png 960w, http:\/\/nagibel.com\/wp-content\/uploads\/2020\/05\/image-300x225.png 300w, http:\/\/nagibel.com\/wp-content\/uploads\/2020\/05\/image-768x576.png 768w\" sizes=\"(max-width: 586px) 100vw, 586px\" \/><\/figure>\n\n\n\n<figure class=\"wp-block-image size-large\"><img decoding=\"async\" loading=\"lazy\" width=\"960\" height=\"720\" src=\"http:\/\/nagibel.com\/wp-content\/uploads\/2020\/05\/image-3.png\" alt=\"\" class=\"wp-image-843\" srcset=\"http:\/\/nagibel.com\/wp-content\/uploads\/2020\/05\/image-3.png 960w, http:\/\/nagibel.com\/wp-content\/uploads\/2020\/05\/image-3-300x225.png 300w, http:\/\/nagibel.com\/wp-content\/uploads\/2020\/05\/image-3-768x576.png 768w\" sizes=\"(max-width: 960px) 100vw, 960px\" \/><\/figure>\n\n\n\n<figure class=\"wp-block-image size-large\"><img decoding=\"async\" loading=\"lazy\" width=\"960\" height=\"720\" src=\"http:\/\/nagibel.com\/wp-content\/uploads\/2020\/05\/image-1.png\" alt=\"\" class=\"wp-image-841\" srcset=\"http:\/\/nagibel.com\/wp-content\/uploads\/2020\/05\/image-1.png 960w, http:\/\/nagibel.com\/wp-content\/uploads\/2020\/05\/image-1-300x225.png 300w, http:\/\/nagibel.com\/wp-content\/uploads\/2020\/05\/image-1-768x576.png 768w\" sizes=\"(max-width: 960px) 100vw, 960px\" \/><\/figure>\n\n\n\n<figure class=\"wp-block-image size-large\"><img decoding=\"async\" loading=\"lazy\" width=\"960\" height=\"720\" src=\"http:\/\/nagibel.com\/wp-content\/uploads\/2020\/05\/image-2.png\" alt=\"\" class=\"wp-image-842\" srcset=\"http:\/\/nagibel.com\/wp-content\/uploads\/2020\/05\/image-2.png 960w, http:\/\/nagibel.com\/wp-content\/uploads\/2020\/05\/image-2-300x225.png 300w, http:\/\/nagibel.com\/wp-content\/uploads\/2020\/05\/image-2-768x576.png 768w\" sizes=\"(max-width: 960px) 100vw, 960px\" \/><\/figure>\n\n\n\n<figure class=\"wp-block-image size-large\"><img decoding=\"async\" loading=\"lazy\" width=\"1024\" height=\"768\" src=\"http:\/\/nagibel.com\/wp-content\/uploads\/2020\/05\/image-4-1024x768.png\" alt=\"\" class=\"wp-image-844\" srcset=\"http:\/\/nagibel.com\/wp-content\/uploads\/2020\/05\/image-4-1024x768.png 1024w, http:\/\/nagibel.com\/wp-content\/uploads\/2020\/05\/image-4-300x225.png 300w, http:\/\/nagibel.com\/wp-content\/uploads\/2020\/05\/image-4-768x576.png 768w, http:\/\/nagibel.com\/wp-content\/uploads\/2020\/05\/image-4.png 1440w\" sizes=\"(max-width: 1024px) 100vw, 1024px\" \/><\/figure>\n","protected":false},"excerpt":{"rendered":"<p>Entre mars et mai, la Belgique \u00e9tait compl\u00e8tement confin\u00e9e. C&#8217;est la 1\u00e8re fois en 30 ans qu&#8217;il n&#8217;y a pas eut de cours du tout. Les anciens \u00e9taient tr\u00e8s perturb\u00e9s! La f\u00e9d\u00e9ration a d\u00fb se r\u00e9inventer, ce que les professeurs <a class=\"more-link\" href=\"http:\/\/nagibel.com\/index.php\/confinement\/\">Continue reading <span class=\"screen-reader-text\">  Confinement<\/span><span class=\"meta-nav\">&rarr;<\/span><\/a><\/p>\n","protected":false},"author":1,"featured_media":0,"parent":0,"menu_order":0,"comment_status":"closed","ping_status":"closed","template":"","meta":[],"_links":{"self":[{"href":"http:\/\/nagibel.com\/index.php\/wp-json\/wp\/v2\/pages\/839"}],"collection":[{"href":"http:\/\/nagibel.com\/index.php\/wp-json\/wp\/v2\/pages"}],"about":[{"href":"http:\/\/nagibel.com\/index.php\/wp-json\/wp\/v2\/types\/page"}],"author":[{"embeddable":true,"href":"http:\/\/nagibel.com\/index.php\/wp-json\/wp\/v2\/users\/1"}],"replies":[{"embeddable":true,"href":"http:\/\/nagibel.com\/index.php\/wp-json\/wp\/v2\/comments?post=839"}],"version-history":[{"count":4,"href":"http:\/\/nagibel.com\/index.php\/wp-json\/wp\/v2\/pages\/839\/revisions"}],"predecessor-version":[{"id":927,"href":"http:\/\/nagibel.com\/index.php\/wp-json\/wp\/v2\/pages\/839\/revisions\/927"}],"wp:attachment":[{"href":"http:\/\/nagibel.com\/index.php\/wp-json\/wp\/v2\/media?parent=839"}],"curies":[{"name":"wp","href":"https:\/\/api.w.org\/{rel}","templated":true}]}}