{"id":802,"date":"2020-03-30T21:12:50","date_gmt":"2020-03-30T19:12:50","guid":{"rendered":"http:\/\/nagibel.com\/?page_id=802"},"modified":"2020-03-30T21:12:50","modified_gmt":"2020-03-30T19:12:50","slug":"2018-3","status":"publish","type":"page","link":"http:\/\/nagibel.com\/index.php\/2018-3\/","title":{"rendered":"2018"},"content":{"rendered":"\n<p><strong>COUPE TOKUNAGA 2018<\/strong><\/p>\n\n\n\n<ul><li>1 \u00e8re place :Fran\u00e7ois DERMINE (NAGIBEL)<\/li><li>2 \u00e8me place :3 \u00e8me place :Lo\u00efc DELALANDE (S.A.M. M\u00e9rignac)<\/li><li>3 \u00e8me place :Monica SILVA (Versailles Budo) et<\/li><li>3 \u00e8me place :Beno\u00eet LAURENCON (TUESG St-Germain en Laye) <\/li><\/ul>\n\n\n\n<p><strong>COUPE JACQUES MERCIER 2018<\/strong><\/p>\n\n\n\n<ul><li>1 \u00e8re place :Marc PHILIPPOT\/Beno\u00eet DEBAIG\/Lo\u00efc DELALANDE (TUESG\/USMR\/SAM)<\/li><li>2 \u00e8me place :L\u00e9on BABIN\/Lo\u00efc VARGOZ\/Beno\u00eet LAURENCON (NAGIBEL\/TUESG)<\/li><li>3 \u00e8me place :Julien BLOCH\/Fanny HAMOT (JCMA) <\/li><li>3 \u00e8me place :Dylan VELLUT \/Anh AUGUSTIN THI VAN\/Romain BOUGLE (NAGIBEL\/Versailles)<\/li><\/ul>\n\n\n\n<p><strong>COUPE SIMONE CHARTON<\/strong> <strong>2018<\/strong><\/p>\n\n\n\n<ul><li>1 \u00e8re place :Adeline GVERO COTTENET &#8211; Carole PARIOT (USMR Rocquencourt)<\/li><li>2 \u00e8me place :Lo\u00efc VARGOZ\u2013 Benoit LAURENCON (TUESG St-Germain en Laye)<\/li><li>3 \u00e8me place :Julien BLOCH \u2013 Fanny HAMOT (JCMA Maisons-Alfort) et<\/li><li>3 \u00e8me place :Yolanda VANNESTE (NAGIBEL) \u2013 Sophie SCHMITZ (US Bouscat)<\/li><\/ul>\n\n\n\n<p><br>COUPE TECHNIQUE PAR TIRAGE AU SORT <\/p>\n\n\n\n<ul><li>1 \u00e8re place :Christophe GIRAUD (Versailles Budo) &#8211; Adeline GVERO COTTENET (USMR)<\/li><li>2 \u00e8me place :Lo\u00efc VARGOZ (TUESG) &#8211; Julien BLOCH (JCMA)<\/li><li>3 \u00e8me place :L\u00e9o TAN (JCMA) &#8211; Carole PARIOT (USMR) et<\/li><li>3 \u00e8me place :Monica SILVA (Versailles Budo) &#8211; Sophie SCHMITZ (US Le Bouscat)<\/li><\/ul>\n","protected":false},"excerpt":{"rendered":"<p>COUPE TOKUNAGA 2018 1 \u00e8re place :Fran\u00e7ois DERMINE (NAGIBEL) 2 \u00e8me place :3 \u00e8me place :Lo\u00efc DELALANDE (S.A.M. M\u00e9rignac) 3 \u00e8me place :Monica SILVA (Versailles Budo) et 3 \u00e8me place :Beno\u00eet LAURENCON (TUESG St-Germain en Laye) COUPE JACQUES MERCIER 2018 <a class=\"more-link\" href=\"http:\/\/nagibel.com\/index.php\/2018-3\/\">Continue reading <span class=\"screen-reader-text\">  2018<\/span><span class=\"meta-nav\">&rarr;<\/span><\/a><\/p>\n","protected":false},"author":1,"featured_media":0,"parent":0,"menu_order":0,"comment_status":"closed","ping_status":"closed","template":"","meta":[],"_links":{"self":[{"href":"http:\/\/nagibel.com\/index.php\/wp-json\/wp\/v2\/pages\/802"}],"collection":[{"href":"http:\/\/nagibel.com\/index.php\/wp-json\/wp\/v2\/pages"}],"about":[{"href":"http:\/\/nagibel.com\/index.php\/wp-json\/wp\/v2\/types\/page"}],"author":[{"embeddable":true,"href":"http:\/\/nagibel.com\/index.php\/wp-json\/wp\/v2\/users\/1"}],"replies":[{"embeddable":true,"href":"http:\/\/nagibel.com\/index.php\/wp-json\/wp\/v2\/comments?post=802"}],"version-history":[{"count":1,"href":"http:\/\/nagibel.com\/index.php\/wp-json\/wp\/v2\/pages\/802\/revisions"}],"predecessor-version":[{"id":803,"href":"http:\/\/nagibel.com\/index.php\/wp-json\/wp\/v2\/pages\/802\/revisions\/803"}],"wp:attachment":[{"href":"http:\/\/nagibel.com\/index.php\/wp-json\/wp\/v2\/media?parent=802"}],"curies":[{"name":"wp","href":"https:\/\/api.w.org\/{rel}","templated":true}]}}