{"id":775,"date":"2020-03-29T13:23:48","date_gmt":"2020-03-29T11:23:48","guid":{"rendered":"http:\/\/nagibel.com\/?page_id=775"},"modified":"2020-03-29T13:31:59","modified_gmt":"2020-03-29T11:31:59","slug":"2020-2","status":"publish","type":"page","link":"http:\/\/nagibel.com\/index.php\/2020-2\/","title":{"rendered":"2020"},"content":{"rendered":"\n<p>Cette ann\u00e9e, les r\u00e8gles de la comp\u00e9titions changent: la mixit\u00e9 n&#8217;est plus de mise. <\/p>\n\n\n\n<div class=\"wp-block-image\"><figure class=\"alignright is-resized\"><img decoding=\"async\" loading=\"lazy\" src=\"https:\/\/naginata-federation.eu\/wp-content\/uploads\/2020\/02\/02-768x1024.jpg\" alt=\"\" class=\"wp-image-3346\" width=\"239\" height=\"318\"\/><\/figure><\/div>\n\n\n\n<p><strong>Tokunaga cup homme :<\/strong><\/p>\n\n\n\n<ul><li>1<sup>st<\/sup> Loic Delalande<\/li><li>2<sup>nd<\/sup> \u00a0Tyl Dermine<\/li><li>3rd Benoit Laurencon &amp; Loic Vargos<\/li><\/ul>\n\n\n\n<p>Tokunaga cup femme:<\/p>\n\n\n\n<ul><li>1<sup>st <\/sup>Carole Veryrunes<\/li><li>2<sup>nd<\/sup> \u00a0Adeline Gvero<\/li><li>3rd \u00a0Regine Bauvecroix &amp; Sylvie Pontonne<\/li><\/ul>\n\n\n\n<p><\/p>\n\n\n\n<p>Coupe J. Mercier:<\/p>\n\n\n\n<p>1\u00e8re place: A. Cyprien-Scerry; D. Doleans et K. Pinson<\/p>\n\n\n\n<ul><li>2\u00e8me place: M. Volland; E. Dayre et Tyl Dermine (be)<\/li><li>3\u00e8me place: L. Tan; Dylan Vellut (be) et R. Bougl\u00e9<\/li><li>3\u00e8me place exeoquo: M. Philipot, Thomas Vanderkerckhoven (be) et L. Vargoz<\/li><\/ul>\n\n\n\n<figure class=\"wp-block-image\"><img decoding=\"async\" src=\"https:\/\/naginata-federation.eu\/wp-content\/uploads\/2020\/02\/03-1024x768.jpg\" alt=\"\" class=\"wp-image-3347\"\/><\/figure>\n\n\n\n<p>Coupe<strong> S. Charton:<\/strong><\/p>\n\n\n\n<p>2\u00e8me niveau <\/p>\n\n\n\n<ul><li>1\u00e8re place: J. Girard et C. Guibert <\/li><li>2\u00e8me place: E. Kok et J. Ya<\/li><li>3\u00e8me place O. Gaston et B. Hervas<\/li><li>3\u00e8me place exeoquo: M. Volland et J. Betot<\/li><\/ul>\n\n\n\n<p><\/p>\n\n\n\n<p>3\u00e8me niveau:<\/p>\n\n\n\n<ul><li>1\u00e8re place: A. Gvero cottenet et C Veyrunes<\/li><li>2\u00e8me place: L. Vargoz et B. Laurencon<\/li><li>3\u00e8me place: K. Pinson et B. Debaig<\/li><li>3\u00e8me place exeoquo: S. Potonne et J. Ya<\/li><\/ul>\n","protected":false},"excerpt":{"rendered":"<p>Cette ann\u00e9e, les r\u00e8gles de la comp\u00e9titions changent: la mixit\u00e9 n&#8217;est plus de mise. Tokunaga cup homme : 1st Loic Delalande 2nd \u00a0Tyl Dermine 3rd Benoit Laurencon &amp; Loic Vargos Tokunaga cup femme: 1st Carole Veryrunes 2nd \u00a0Adeline Gvero 3rd <a class=\"more-link\" href=\"http:\/\/nagibel.com\/index.php\/2020-2\/\">Continue reading <span class=\"screen-reader-text\">  2020<\/span><span class=\"meta-nav\">&rarr;<\/span><\/a><\/p>\n","protected":false},"author":1,"featured_media":0,"parent":0,"menu_order":0,"comment_status":"closed","ping_status":"closed","template":"","meta":[],"_links":{"self":[{"href":"http:\/\/nagibel.com\/index.php\/wp-json\/wp\/v2\/pages\/775"}],"collection":[{"href":"http:\/\/nagibel.com\/index.php\/wp-json\/wp\/v2\/pages"}],"about":[{"href":"http:\/\/nagibel.com\/index.php\/wp-json\/wp\/v2\/types\/page"}],"author":[{"embeddable":true,"href":"http:\/\/nagibel.com\/index.php\/wp-json\/wp\/v2\/users\/1"}],"replies":[{"embeddable":true,"href":"http:\/\/nagibel.com\/index.php\/wp-json\/wp\/v2\/comments?post=775"}],"version-history":[{"count":2,"href":"http:\/\/nagibel.com\/index.php\/wp-json\/wp\/v2\/pages\/775\/revisions"}],"predecessor-version":[{"id":777,"href":"http:\/\/nagibel.com\/index.php\/wp-json\/wp\/v2\/pages\/775\/revisions\/777"}],"wp:attachment":[{"href":"http:\/\/nagibel.com\/index.php\/wp-json\/wp\/v2\/media?parent=775"}],"curies":[{"name":"wp","href":"https:\/\/api.w.org\/{rel}","templated":true}]}}