{"id":730,"date":"2020-03-29T12:34:16","date_gmt":"2020-03-29T10:34:16","guid":{"rendered":"http:\/\/nagibel.com\/?page_id=730"},"modified":"2020-03-29T12:34:16","modified_gmt":"2020-03-29T10:34:16","slug":"2014-2","status":"publish","type":"page","link":"http:\/\/nagibel.com\/index.php\/2014-2\/","title":{"rendered":"2014"},"content":{"rendered":"\n<p><strong>R\u00e9sultat de la comp\u00e9tition du 8-9 f\u00e9vrier:<\/strong><\/p>\n\n\n\n<p><strong>Coupe Tokunaga<\/strong><\/p>\n\n\n\n<ul><li>1. Tyl Dermine (Belgique)<\/li><li>2. Lo\u00efc Delalande (M\u00e9rignac)<\/li><li>3. (ex-\u00e6quo) Fran\u00e7ois Dermine (Belgique) et Axel Noorman (Pays-Bas)<\/li><li>Fighting spirit: Laurence Dumonceau (Belgique)<\/li><\/ul>\n\n\n\n<p><strong>Coupe Jacques-Mercier<\/strong><\/p>\n\n\n\n<ul><li>1. \u00c9quipe F. Dermine (Belgique),J. Zandstra (Pays-Bas) et F. Furcy (Paris)<\/li><li>2. \u00c9quipe A. Noorman (Pays-Bas), P. Gerristen (Pays-Bas) et E. Brito (Portugal)<\/li><li>3 (ex-\u00e6quo) \u00c9quipe T. Dermine (Belgique), H. Mao (Versailles), S. Provost (Belgique) et \u00c9quipe L. Delalande (M\u00e9rignac), J. Karpinsky (M\u00e9rignac), M. Roger (Versailles)<\/li><\/ul>\n\n\n\n<p><strong>Coupe Simone-Charton<\/strong><\/p>\n\n\n\n<p>1er niveau<\/p>\n\n\n\n<ul><li>1. Olivier Dupr\u00e9 et Marion Dupr\u00e9 (Kidokan)<\/li><li>2. Anh Augustin et Julie Abon (Versailles)<\/li><li>3. Cyprien-Scerri et St\u00e9phanie Runfola (Paris)<\/li><\/ul>\n\n\n\n<p>2e niveau<\/p>\n\n\n\n<ul><li>1. Matthieu Maire (Paris) et Eduardo Brito (Portugal)<\/li><li>2. Cynthia Garin et M. Roger (Versailles)<\/li><li>3. Sacha Provost et Yolanda Vanneste (Belgique)<\/li><\/ul>\n\n\n\n<p>3e niveau<\/p>\n\n\n\n<ul><li>1. Lo\u00efc Delalande et Jim Karpinsky (M\u00e9rignac)<\/li><li>2. Thibaut Bouard et Sandrine Lecertisseur (Paris)<\/li><li>3. F\u00e9lix Furcy et C. Giraud (Paris)<\/li><\/ul>\n\n\n\n<p><strong>Coupe technique par tirage au sort<\/strong><\/p>\n\n\n\n<p>1er niveau<\/p>\n\n\n\n<ul><li>1. Olivier Dupr\u00e9 (Kidokan) et Eduardo Brito (Portugal)<\/li><li>2. M. Maire (Paris) et Ahn Augustin (Versailles)<\/li><li>3. Cynthia Garin et Julie Abon (Versailles)<\/li><\/ul>\n\n\n\n<p>2e niveau<\/p>\n\n\n\n<ul><li>1. Lo\u00efc Delalande (Paris) et Laurence Dumonceau (Belgique)<\/li><li>2. Edouarda Brito (Portugal) et Thibaut Bouard (Paris)<\/li><li>3. F\u00e9lix Furcy et Sandrine Lecertisseur (Paris)<\/li><\/ul>\n\n\n\n<p>F\u00e9licitations \u00e0 tous les participants!<\/p>\n","protected":false},"excerpt":{"rendered":"<p>R\u00e9sultat de la comp\u00e9tition du 8-9 f\u00e9vrier: Coupe Tokunaga 1. Tyl Dermine (Belgique) 2. Lo\u00efc Delalande (M\u00e9rignac) 3. (ex-\u00e6quo) Fran\u00e7ois Dermine (Belgique) et Axel Noorman (Pays-Bas) Fighting spirit: Laurence Dumonceau (Belgique) Coupe Jacques-Mercier 1. \u00c9quipe F. Dermine (Belgique),J. Zandstra (Pays-Bas) <a class=\"more-link\" href=\"http:\/\/nagibel.com\/index.php\/2014-2\/\">Continue reading <span class=\"screen-reader-text\">  2014<\/span><span class=\"meta-nav\">&rarr;<\/span><\/a><\/p>\n","protected":false},"author":1,"featured_media":0,"parent":0,"menu_order":0,"comment_status":"closed","ping_status":"closed","template":"","meta":[],"_links":{"self":[{"href":"http:\/\/nagibel.com\/index.php\/wp-json\/wp\/v2\/pages\/730"}],"collection":[{"href":"http:\/\/nagibel.com\/index.php\/wp-json\/wp\/v2\/pages"}],"about":[{"href":"http:\/\/nagibel.com\/index.php\/wp-json\/wp\/v2\/types\/page"}],"author":[{"embeddable":true,"href":"http:\/\/nagibel.com\/index.php\/wp-json\/wp\/v2\/users\/1"}],"replies":[{"embeddable":true,"href":"http:\/\/nagibel.com\/index.php\/wp-json\/wp\/v2\/comments?post=730"}],"version-history":[{"count":1,"href":"http:\/\/nagibel.com\/index.php\/wp-json\/wp\/v2\/pages\/730\/revisions"}],"predecessor-version":[{"id":731,"href":"http:\/\/nagibel.com\/index.php\/wp-json\/wp\/v2\/pages\/730\/revisions\/731"}],"wp:attachment":[{"href":"http:\/\/nagibel.com\/index.php\/wp-json\/wp\/v2\/media?parent=730"}],"curies":[{"name":"wp","href":"https:\/\/api.w.org\/{rel}","templated":true}]}}