{"id":724,"date":"2020-03-29T12:28:56","date_gmt":"2020-03-29T10:28:56","guid":{"rendered":"http:\/\/nagibel.com\/?page_id=724"},"modified":"2020-03-29T12:28:56","modified_gmt":"2020-03-29T10:28:56","slug":"2011-2","status":"publish","type":"page","link":"http:\/\/nagibel.com\/index.php\/2011-2\/","title":{"rendered":"2011"},"content":{"rendered":"\n<p><strong>R\u00e9sultats de la Coupe TOKUNAGA 2011<\/strong><\/p>\n\n\n\n<ul><li>1ere place: Fran\u00e7ois DERMINE (Belgique)<\/li><li>2\u00e8me place : Tyl DERMINE (Belgique)<\/li><li>3\u00e8me place: Loic DELALANDE\u00a0 (France) et Philibert VANDERSLEYEN\u00a0 (Belgique)<\/li><\/ul>\n\n\n\n<p><strong>R\u00e9sultats de la Coupe par \u00e9quipe Jacques MERCIER 2011<\/strong><\/p>\n\n\n\n<ul><li>1\u00e8re \u00e9quipe : Equipe 1 compos\u00e9e de Hughes JEANGERARD, Guillaume DUFEIL et de Morgane DUROUX<\/li><li>2\u00e8me \u00e9quipe : Equipe 3 compos\u00e9e de Loic DELALANDE, Guillaume LAURENT et Xavier BOUCHOUX<\/li><li>3\u00e8me \u00e9quipe : Equipe 2 compos\u00e9e de Thibaud BOUARD, Eric BARBIER et H\u00e9l\u00e8ne MAO<\/li><\/ul>\n","protected":false},"excerpt":{"rendered":"<p>R\u00e9sultats de la Coupe TOKUNAGA 2011 1ere place: Fran\u00e7ois DERMINE (Belgique) 2\u00e8me place : Tyl DERMINE (Belgique) 3\u00e8me place: Loic DELALANDE\u00a0 (France) et Philibert VANDERSLEYEN\u00a0 (Belgique) R\u00e9sultats de la Coupe par \u00e9quipe Jacques MERCIER 2011 1\u00e8re \u00e9quipe : Equipe 1 <a class=\"more-link\" href=\"http:\/\/nagibel.com\/index.php\/2011-2\/\">Continue reading <span class=\"screen-reader-text\">  2011<\/span><span class=\"meta-nav\">&rarr;<\/span><\/a><\/p>\n","protected":false},"author":1,"featured_media":0,"parent":0,"menu_order":0,"comment_status":"closed","ping_status":"closed","template":"","meta":[],"_links":{"self":[{"href":"http:\/\/nagibel.com\/index.php\/wp-json\/wp\/v2\/pages\/724"}],"collection":[{"href":"http:\/\/nagibel.com\/index.php\/wp-json\/wp\/v2\/pages"}],"about":[{"href":"http:\/\/nagibel.com\/index.php\/wp-json\/wp\/v2\/types\/page"}],"author":[{"embeddable":true,"href":"http:\/\/nagibel.com\/index.php\/wp-json\/wp\/v2\/users\/1"}],"replies":[{"embeddable":true,"href":"http:\/\/nagibel.com\/index.php\/wp-json\/wp\/v2\/comments?post=724"}],"version-history":[{"count":1,"href":"http:\/\/nagibel.com\/index.php\/wp-json\/wp\/v2\/pages\/724\/revisions"}],"predecessor-version":[{"id":725,"href":"http:\/\/nagibel.com\/index.php\/wp-json\/wp\/v2\/pages\/724\/revisions\/725"}],"wp:attachment":[{"href":"http:\/\/nagibel.com\/index.php\/wp-json\/wp\/v2\/media?parent=724"}],"curies":[{"name":"wp","href":"https:\/\/api.w.org\/{rel}","templated":true}]}}