{"id":635,"date":"2020-03-14T16:03:58","date_gmt":"2020-03-14T15:03:58","guid":{"rendered":"http:\/\/nagibel.com\/?page_id=635"},"modified":"2020-03-14T16:40:36","modified_gmt":"2020-03-14T15:40:36","slug":"katori-shinto-ryu","status":"publish","type":"page","link":"http:\/\/nagibel.com\/index.php\/katori-shinto-ryu\/","title":{"rendered":"Katori Shinto ryu"},"content":{"rendered":"\n<p>Cette \u00e9cole d&#8217;art martiaux, de son nom entier &#8220;Tenshin shoden katori shinto ryu&#8221;, a \u00e9t\u00e9 cr\u00e9\u00e9 par Iizasa Choisai (1387-1488).<\/p>\n\n\n\n<figure class=\"wp-block-image\"><img decoding=\"async\" src=\"https:\/\/web.archive.org\/web\/20180904083342im_\/http:\/\/www.nagibel.be\/uploads\/images\/historique\/katori.jpg\" alt=\"\"\/><\/figure>\n\n\n\n<p>Celui-ci participa \u00e0 de nombreuses guerres avant de se retirer dans le temple Shintokusan Shinpukuji o\u00f9 il eut une r\u00e9v\u00e9lation. Une divinit\u00e9 lui aurait remit le manuscrit <em>&#8220;Heiho shinsh<\/em>o&#8221; c&#8217;est-\u00e0-dire <em>&#8220;la strat\u00e9gie martiale r\u00e9dig\u00e9e par les dieux&#8221;<\/em>.<\/p>\n\n\n\n<p>La tradition de cette \u00e9cole s&#8217;est maintenue gr\u00e2ce \u00e0 un syst\u00e8me partag\u00e9: d&#8217;un cot\u00e9 il y a le <em>soke<\/em> (directeur) qui incarne le lien avec le fondateur. Son autorit\u00e9 spirituelle pr\u00e9serve la relation de la tradition avec le sanctuaire de katori. D&#8217;un autre cot\u00e9, il y a le <em>shihan<\/em> (ma\u00eetre instructeur) celui-ci est responsable du maintien de la tradition et de l&#8217;enseignement quotidien des membres.<\/p>\n\n\n\n<figure class=\"wp-block-image\"><img decoding=\"async\" src=\"https:\/\/web.archive.org\/web\/20180904083342im_\/http:\/\/www.nagibel.be\/uploads\/images\/gallery\/ksr14.jpg\" alt=\"\"\/><figcaption>Photo de Larry Bieri lors du festival Japonais en 2004 au jardin botanique du Missouri.<\/figcaption><\/figure>\n\n\n\n<p>Leur naginata est particuli\u00e8rement lourde et mesure plus ou moins 2m50.<\/p>\n\n\n\n<p>Dans l&#8217;\u00e9cole de Karoti Shinto ryu, on tient sa naginata non pas au niveau de l&#8217;ishizuki mais au milieu de l&#8217;arme. Bien-s\u00fbr, ils perdent alors l&#8217;allonge particuli\u00e8re \u00e0 la naginata et ne peuvent pas faire facilement de changement de main (une autre caract\u00e9ristique particuli\u00e8re de l&#8217;Atarashi Naginata tel que nous le pratiquons). Mais cela leur permet une bien meilleure utilisation du ebu.<\/p>\n\n\n\n<p>Cette \u00e9cole est fi\u00e8re du fait qu&#8217;aucun de ses participants n&#8217;aient jamais particip\u00e9 \u00e0 un duel ou une comp\u00e9tition.<\/p>\n\n\n\n<p class=\"has-text-align-center\"><em>&#8220;Ce n&#8217;est pas la victoire par combat qui est d\u00e9sir\u00e9e. La v\u00e9ritable victoire est acquise lorsque l&#8217;on r\u00e9ussit \u00e0 atteindre ses objectifs sans combattre&#8221;<\/em><\/p>\n\n\n\n<div class=\"wp-block-image\"><figure class=\"aligncenter\"><img decoding=\"async\" src=\"https:\/\/www.koryu.com\/photos\/ksr12.jpg\" alt=\"ksr12.jpg\"\/><figcaption>Larry Bieri and Phil Relnick demonstrating naginatajutsu at the Missouri Botanical Gardens Japanese Festival 2004 Copyright \u00a92004 Jason Nachtrab<\/figcaption><\/figure><\/div>\n\n\n\n<p>La question de la transmission est \u00e9pineuse pour le Katori Shinto ryu. <\/p>\n\n\n\n<p>En effet, le nombre de pratiquant \u00e0 fort baiss\u00e9, et l&#8217;int\u00e9r\u00eat des pratiquants hors Japon \u00e0 pouss\u00e9 certains \u00e9l\u00e8ves a \u00e9tudier cet art martial gr\u00e2ce \u00e0 des vid\u00e9os et des textes. Il existe ainsi des \u00e9coles qui n&#8217;ont plus de lien avec le sanctuaire Katori ou la famille lizasa.<\/p>\n\n\n\n<p>De plus, par manque de professeurs, certaines techniques se sont perdues. <\/p>\n\n\n\n<figure class=\"wp-block-image\"><img decoding=\"async\" src=\"https:\/\/www.koryu.com\/photos\/ksr02.jpg\" alt=\"ksr02.jpg\"\/><figcaption>Will Schutt demonstrating iaijutsu at the Missouri Botanical Gardens Japanese Festival 2004<br>Copyright \u00a92004 Jason Nachtrab<\/figcaption><\/figure>\n\n\n\n<p>L&#8217;\u00e9cole Katori reste tout de m\u00eame particuli\u00e8rement compl\u00e8te: outre le naginata, elle \u00e9tudie: le KEN-JUTSU (escrime avec partenaire) avec un sabre long (BOKUTO), deux sabres (RYOTO) ou un sabre court (KODACHI). Ils \u00e9tudient le IAI-JUTSU (escrime avec un sabre r\u00e9el et un partenaire imagin\u00e9), le BO-JUTSU (b\u00e2ton long) et le SO-JUTSU (lance) ainsi que le SHURIKEN-JUTSU (lancer de projectiles).<\/p>\n\n\n\n<p>Le Katori a aussi un enseignement plus philosophique qui comprend la stat\u00e9gie (avec entre autre le CHIKUJO-Jutsu -fortification- et le SENJO-Jutsu -manoeuvre militaire-) ainsi que des aspects plus \u00e9soth\u00e9riques (tenmon chirigaku -g\u00e9omancie et divination-).<\/p>\n\n\n\n<div class=\"wp-block-image\"><figure class=\"alignleft is-resized\"><img decoding=\"async\" loading=\"lazy\" src=\"http:\/\/www.bushin.be\/katori\/wp-content\/uploads\/2017\/01\/bushin_small.png\" alt=\"\" width=\"101\" height=\"115\"\/><figcaption><a href=\"http:\/\/www.bushin.be\/katori\/\">http:\/\/www.bushin.be\/katori\/<\/a><\/figcaption><\/figure><\/div>\n\n\n\n<p>Il existe une \u00e9cole de Katori shinto ryu en Belgique. Outre les cours pour adultes et pour enfants, des stages sont r\u00e9guli\u00e8rement organis\u00e9s et sont ouverts \u00e0 tous.<\/p>\n","protected":false},"excerpt":{"rendered":"<p>Cette \u00e9cole d&#8217;art martiaux, de son nom entier &#8220;Tenshin shoden katori shinto ryu&#8221;, a \u00e9t\u00e9 cr\u00e9\u00e9 par Iizasa Choisai (1387-1488). Celui-ci participa \u00e0 de nombreuses guerres avant de se retirer dans le temple Shintokusan Shinpukuji o\u00f9 il eut une r\u00e9v\u00e9lation. <a class=\"more-link\" href=\"http:\/\/nagibel.com\/index.php\/katori-shinto-ryu\/\">Continue reading <span class=\"screen-reader-text\">  Katori Shinto ryu<\/span><span class=\"meta-nav\">&rarr;<\/span><\/a><\/p>\n","protected":false},"author":1,"featured_media":0,"parent":0,"menu_order":0,"comment_status":"closed","ping_status":"closed","template":"","meta":[],"_links":{"self":[{"href":"http:\/\/nagibel.com\/index.php\/wp-json\/wp\/v2\/pages\/635"}],"collection":[{"href":"http:\/\/nagibel.com\/index.php\/wp-json\/wp\/v2\/pages"}],"about":[{"href":"http:\/\/nagibel.com\/index.php\/wp-json\/wp\/v2\/types\/page"}],"author":[{"embeddable":true,"href":"http:\/\/nagibel.com\/index.php\/wp-json\/wp\/v2\/users\/1"}],"replies":[{"embeddable":true,"href":"http:\/\/nagibel.com\/index.php\/wp-json\/wp\/v2\/comments?post=635"}],"version-history":[{"count":5,"href":"http:\/\/nagibel.com\/index.php\/wp-json\/wp\/v2\/pages\/635\/revisions"}],"predecessor-version":[{"id":642,"href":"http:\/\/nagibel.com\/index.php\/wp-json\/wp\/v2\/pages\/635\/revisions\/642"}],"wp:attachment":[{"href":"http:\/\/nagibel.com\/index.php\/wp-json\/wp\/v2\/media?parent=635"}],"curies":[{"name":"wp","href":"https:\/\/api.w.org\/{rel}","templated":true}]}}