{"id":504,"date":"2020-02-16T16:12:12","date_gmt":"2020-02-16T15:12:12","guid":{"rendered":"http:\/\/nagibel.com\/?page_id=504"},"modified":"2020-02-16T16:12:12","modified_gmt":"2020-02-16T15:12:12","slug":"spiroudome-2007","status":"publish","type":"page","link":"http:\/\/nagibel.com\/index.php\/spiroudome-2007\/","title":{"rendered":"Spiroudome (2007)"},"content":{"rendered":"\n<p>En 2007, juste apr\u00e8s les championnats du monde que nous avions organis\u00e9 en Belgique, nous avons eu l&#8217;occasion de participer au festival d&#8217;arts martiaux de Charleroi.<\/p>\n\n\n\n<p>C&#8217;\u00e9tait l&#8217;occasion entre autre de pr\u00e9senter une nouvelle fois notre rythmique qui nous avait vallu la 1\u00e8re place aux championnats! Dans la belle et grande salle du Spiroudom rien de moins&#8230;<\/p>\n\n\n\n<figure class=\"wp-block-image\"><img decoding=\"async\" src=\"https:\/\/web.archive.org\/web\/20180904044045im_\/http:\/\/www.nagibel.be\/uploads\/images\/Pub\/04.jpg\" alt=\"\"\/><\/figure>\n","protected":false},"excerpt":{"rendered":"<p>En 2007, juste apr\u00e8s les championnats du monde que nous avions organis\u00e9 en Belgique, nous avons eu l&#8217;occasion de participer au festival d&#8217;arts martiaux de Charleroi. C&#8217;\u00e9tait l&#8217;occasion entre autre de pr\u00e9senter une nouvelle fois notre rythmique qui nous avait <a class=\"more-link\" href=\"http:\/\/nagibel.com\/index.php\/spiroudome-2007\/\">Continue reading <span class=\"screen-reader-text\">  Spiroudome (2007)<\/span><span class=\"meta-nav\">&rarr;<\/span><\/a><\/p>\n","protected":false},"author":1,"featured_media":0,"parent":0,"menu_order":0,"comment_status":"closed","ping_status":"closed","template":"","meta":[],"_links":{"self":[{"href":"http:\/\/nagibel.com\/index.php\/wp-json\/wp\/v2\/pages\/504"}],"collection":[{"href":"http:\/\/nagibel.com\/index.php\/wp-json\/wp\/v2\/pages"}],"about":[{"href":"http:\/\/nagibel.com\/index.php\/wp-json\/wp\/v2\/types\/page"}],"author":[{"embeddable":true,"href":"http:\/\/nagibel.com\/index.php\/wp-json\/wp\/v2\/users\/1"}],"replies":[{"embeddable":true,"href":"http:\/\/nagibel.com\/index.php\/wp-json\/wp\/v2\/comments?post=504"}],"version-history":[{"count":1,"href":"http:\/\/nagibel.com\/index.php\/wp-json\/wp\/v2\/pages\/504\/revisions"}],"predecessor-version":[{"id":505,"href":"http:\/\/nagibel.com\/index.php\/wp-json\/wp\/v2\/pages\/504\/revisions\/505"}],"wp:attachment":[{"href":"http:\/\/nagibel.com\/index.php\/wp-json\/wp\/v2\/media?parent=504"}],"curies":[{"name":"wp","href":"https:\/\/api.w.org\/{rel}","templated":true}]}}