{"id":432,"date":"2019-10-18T21:41:11","date_gmt":"2019-10-18T19:41:11","guid":{"rendered":"http:\/\/nagibel.com\/?page_id=432"},"modified":"2019-10-18T21:41:13","modified_gmt":"2019-10-18T19:41:13","slug":"nagi-mousse","status":"publish","type":"page","link":"http:\/\/nagibel.com\/index.php\/nagi-mousse\/","title":{"rendered":"Nagi Mousse"},"content":{"rendered":"\n<p>A l&#8217;occasion d&#8217;une journ\u00e9e d\u00e9couverte pour les enfants, Fran\u00e7ois a fabriqu\u00e9 des &#8220;Naginatas en mousse&#8221;.<\/p>\n\n\n\n<figure class=\"wp-block-image\"><img decoding=\"async\" src=\"https:\/\/web.archive.org\/web\/20180904060334im_\/http:\/\/www.nagibel.be\/uploads\/images\/Evenement\/nagi4.JPG\" alt=\"\"\/><\/figure>\n\n\n\n<p>Les Naginatas sont l\u00e9g\u00e8res et le mousse permet de toucher son partenaire sans aucune protection. M\u00eame les frappes r\u00e9alis\u00e9es \u00e0 la t\u00eate sont sans danger!<\/p>\n\n\n\n<p>La taille de la Naginata en mousse varie en fonction de la taille du pratiquant: Fran\u00e7ois a fabriqu\u00e9 des Naginatas de 1m75 pour pratiquer avec des enfants de 7 \u00e0 12 ans et des Naginatas de 2m25 pour pratiquer avec les adultes du club. N&#8217;importe quelle taille de Naginata peut \u00eatre r\u00e9alis\u00e9e.<\/p>\n\n\n\n<p>Ainsi, les enfants et les adultes peuvent s&#8217;initier au combat sans devoir mettre le bogu!<\/p>\n\n\n\n<p>Le mousse est facilement d\u00e9tachable de la hampe pour que son rangement soit facilit\u00e9. <\/p>\n\n\n\n<p>Pas de doute, on va bien s&#8217;amuser!<\/p>\n\n\n\n<figure class=\"wp-block-image\"><img decoding=\"async\" src=\"https:\/\/web.archive.org\/web\/20180904060334im_\/http:\/\/www.nagibel.be\/uploads\/images\/Evenement\/nagi2.JPG\" alt=\"\"\/><\/figure>\n\n\n\n<p><\/p>\n","protected":false},"excerpt":{"rendered":"<p>A l&#8217;occasion d&#8217;une journ\u00e9e d\u00e9couverte pour les enfants, Fran\u00e7ois a fabriqu\u00e9 des &#8220;Naginatas en mousse&#8221;. Les Naginatas sont l\u00e9g\u00e8res et le mousse permet de toucher son partenaire sans aucune protection. M\u00eame les frappes r\u00e9alis\u00e9es \u00e0 la t\u00eate sont sans danger! <a class=\"more-link\" href=\"http:\/\/nagibel.com\/index.php\/nagi-mousse\/\">Continue reading <span class=\"screen-reader-text\">  Nagi Mousse<\/span><span class=\"meta-nav\">&rarr;<\/span><\/a><\/p>\n","protected":false},"author":1,"featured_media":0,"parent":0,"menu_order":0,"comment_status":"closed","ping_status":"closed","template":"","meta":[],"_links":{"self":[{"href":"http:\/\/nagibel.com\/index.php\/wp-json\/wp\/v2\/pages\/432"}],"collection":[{"href":"http:\/\/nagibel.com\/index.php\/wp-json\/wp\/v2\/pages"}],"about":[{"href":"http:\/\/nagibel.com\/index.php\/wp-json\/wp\/v2\/types\/page"}],"author":[{"embeddable":true,"href":"http:\/\/nagibel.com\/index.php\/wp-json\/wp\/v2\/users\/1"}],"replies":[{"embeddable":true,"href":"http:\/\/nagibel.com\/index.php\/wp-json\/wp\/v2\/comments?post=432"}],"version-history":[{"count":1,"href":"http:\/\/nagibel.com\/index.php\/wp-json\/wp\/v2\/pages\/432\/revisions"}],"predecessor-version":[{"id":433,"href":"http:\/\/nagibel.com\/index.php\/wp-json\/wp\/v2\/pages\/432\/revisions\/433"}],"wp:attachment":[{"href":"http:\/\/nagibel.com\/index.php\/wp-json\/wp\/v2\/media?parent=432"}],"curies":[{"name":"wp","href":"https:\/\/api.w.org\/{rel}","templated":true}]}}