{"id":414,"date":"2019-10-18T21:14:17","date_gmt":"2019-10-18T19:14:17","guid":{"rendered":"http:\/\/nagibel.com\/?page_id=414"},"modified":"2019-10-18T21:14:18","modified_gmt":"2019-10-18T19:14:18","slug":"10-ans-du-club-de-la-foret-de-soignes","status":"publish","type":"page","link":"http:\/\/nagibel.com\/index.php\/10-ans-du-club-de-la-foret-de-soignes\/","title":{"rendered":"10 ans du club de la for\u00eat de Soignes"},"content":{"rendered":"\n<p> Profitant du long week-end du 29 avril au premier mai \u00e9tait organis\u00e9 un stage dans le charmant petit coin de Chiny. <\/p>\n\n\n\n<figure class=\"wp-block-image\"><img decoding=\"async\" src=\"https:\/\/web.archive.org\/web\/20180904043033im_\/http:\/\/www.nagibel.be\/uploads\/images\/stages\/017.jpg\" alt=\"\"\/><\/figure>\n\n\n\n<p>En effet, il s\u2019agissait de f\u00eater dignement les 10 ans de notre club dans la sueur, mais surement pas dans les larmes (ou alors seulement celles de l\u2019\u00e9motion et du fou-rire).  C\u2019est ainsi qu\u2019une solide \u00e9quip\u00e9e de pratiquants du naginata d\u00e9barquait dans le centre ADEPS du Liry, m\u00ealant les \u00e2ges, les sexes, les tailles,  les confessions, les nationalit\u00e9s et les ann\u00e9es de pratique <em>(on me dit dans l\u2019oreillette que j\u2019en fais un peu trop)<\/em>, le tout sous un soleil rayonnant. <\/p>\n\n\n\n<p>Plus s\u00e9rieusement, quelques invit\u00e9s \u00e9trangers avaient r\u00e9pondu \u00e0 l\u2019appel et on pouvait compter parmi tous ces  fourbes belges\u00a0:\u00a0Baptiste et Thibaud dit \u00ab\u00a0Iznogood\u00a0\u00bb \u2013 les trublions  du naginata fran\u00e7ais \u2013 ainsi que Mark Berghaan en repr\u00e9sentant de la f\u00e9d\u00e9ration des Pays-Bas, sans oublier Akiko qui nous avait aussi accompagn\u00e9s afin de donner un go\u00fbt de Soleil Levant \u00e0 ce stage. <\/p>\n\n\n\n<p>De plus, il n\u2019y avait pas que des pratiquants puisque quelques accompagnateurs <em>(on me dit dans l\u2019oreillette \u00ab&nbsp;futurs pratiquants pour s\u00fbr&nbsp;\u00bb<\/em>) avaient aussi fait le d\u00e9placement pour participer \u00e0 certaines des animations. <\/p>\n\n\n\n<p>Une fois les voitures gar\u00e9es, les \n\u00e9quipements d\u00e9pos\u00e9s et les chambres r\u00e9parties (ce qui fut clairement \nl\u2019\u00e9tape la plus difficile&nbsp;; la prochaine fois on prendra un grand \ndortoir commun), on s\u2019attaqua \u00e0 un repas exp\u00e9di\u00e9 en quatri\u00e8me vitesse \ntellement l\u2019envie nous poussait \u00e0 rejoindre nos tant aim\u00e9es naginata. <\/p>\n\n\n\n<p>Certains \u00e9taient tellement avides d\u2019action qu\u2019un match de foot et quelques \u00e9changes de tennis furent improvis\u00e9s en attendant le coup d\u2019envoi du stage. Mais les \u00e9l\u00e9ments et les forces naturelles voulaient nous prouver qu\u2019elles \u00e9taient aussi de la partie, et apr\u00e8s le soleil ce fut \u2026 la neige qui baigna notre refuge  pour le week-end. <\/p>\n\n\n\n<p>Qu\u2019importe, nous avions pr\u00e9vu d\u2019\u00eatre investis de la r\u00e9sistance et de l\u2019\u00e9veil des Inuits, donc nous n\u2019allions pas nous laisser intimider par quelques flocons <em>(juste nous chopper quelques rhumes carabin\u00e9s)<\/em>.  Le stage commen\u00e7a donc par un classique kihon \u2026 afin de mettre nos invit\u00e9s \u00e0 l\u2019aise avant les entra\u00eenements qui suivirent. <\/p>\n\n\n\n<p>Tout d\u2019abord, Marc, avec l\u2019aide de son assistant squelette <em>(avant les arts martiaux, il a fait un peu de vaudou mais il avoue que ce n\u2019est pas trop son truc)<\/em>,\n nous expliqua en profondeur la logique interne de notre corps et tout \nparticuli\u00e8rement de la m\u00e9canique de nos os &#8211; comment ils s\u2019emboitent et \ncomment \u2026 ils se d\u00e9boitent \u2013 attirant ainsi \u00e9videmment notre attention \nsur l\u2019application de cette th\u00e9orie dans le naginata mais aussi dans la \nvie de tous les jours.<\/p>\n\n\n\n<p> Apr\u00e8s cet expos\u00e9, un petit exercice de pr\u00e9cision en armure dans lequel David nous fit d\u00e9cha\u00eener notre fureur  guerri\u00e8re \u2026 sur des petits morceaux de cartons. Il \u00e9tait en effet question de frapper \u00e0 des endroits tr\u00e8s pr\u00e9cis et l\u2019exercice se r\u00e9v\u00e9la moins facile qu\u2019il n\u2019y para\u00eet. <\/p>\n\n\n\n<figure class=\"wp-block-image\"><img decoding=\"async\" src=\"https:\/\/web.archive.org\/web\/20180904043033im_\/http:\/\/www.nagibel.be\/uploads\/images\/stages\/040.jpg\" alt=\"\"\/><\/figure>\n\n\n\n<p>Apr\u00e8s une rapide collation, dont le  partage n\u00e9cessita pas mal de notre fureur guerri\u00e8re cit\u00e9e pr\u00e9c\u00e9demment, nous \u00e9tudi\u00e2mes les incontournables kata shikake-ooji. Fran\u00e7ois mis un point d\u2019honneur \u00e0 rappeler \u00e0 l\u2019attention de tous les points cruciaux et essentiels de ce qui forme la base technique du atarashii naginata.<\/p>\n\n\n\n<p>Enfin, il \u00e9chut \u00e0 Tyl de nous mettre en app\u00e9tit pour le souper du soir, ce qu\u2019il fit par un exercice de combat en b\u00f4gu, qui consistait \u00e0 faire entrapercevoir des techniques globales de combat portant tout particuli\u00e8rement sur le positionnement en combat et le mouvement par rapport \u00e0 l\u2019adversaire. <\/p>\n\n\n\n<p>Alors que la fatigue et la faim commen\u00e7aient \u00e0 nous tirailler, il fut grand temps d\u2019aller joyeusement ripailler et discuter autour d\u2019un bon repas (on me dit dans l\u2019oreillette  que c\u2019est ce que nous faisons le mieux). <\/p>\n\n\n\n<p>La journ\u00e9e se cl\u00f4tura par un entra\u00eenement libre o\u00f9 certains travaill\u00e8rent encore les shikake-ooji, un autre s\u2019initia \u00e0 l\u2019isshujiai en compagnie de Mark au shinai, tandis que dans un coin de la salle les palabres allaient bon train <em>(on me dit dans l\u2019oreillette que c\u2019\u00e9tait plus des ragots mais je n\u2019y crois pas). <\/em><\/p>\n\n\n\n<p>Certains auraient m\u00eame vu dans les derni\u00e8res minutes de l\u2019entra\u00eenement une balle orange \u2026 A l\u2019image de Miyamoto Musashi, nous nous effor\u00e7ons de varier nos talents. <\/p>\n\n\n\n<p>Le lendemain, aux aurores <em>(on me dit vers 8h dans l\u2019oreillette),<\/em>  Marc nous fit r\u00e9veiller notre \u00e9nergie \u00e0 la fa\u00e7on inuit, une tradition lanc\u00e9e aux derniers championnats d\u2019Europe et qui apparemment nous avait  r\u00e9ussis. En plus, d\u2019\u00eatre un \u00e9veil des \u00e9nergies, c\u2019\u00e9tait aussi un \u00e9veil aux nouvelles pratiques et \u00e0 la diff\u00e9rence <em>(ben oui, la pratique du naginata comme lien entre les peuples, moi, j\u2019y crois)<\/em> et apr\u00e8s les premi\u00e8res minutes d\u2019\u00e9tonnement, ce fut dans la bonne  humeur purement inuit que nous r\u00e9veill\u00e2mes nos \u00e9nergies tous ensemble. <\/p>\n\n\n\n<p>Malheureusement, cela avait aussi  \u00e9veill\u00e9 notre app\u00e9tit. Une fois ce d\u00e9tail rondement r\u00e9gl\u00e9, et le traditionnel kihon, Fabienne nous amena \u00e0 pratiquer diff\u00e9rents exercices d\u2019\u00e9quilibre aussi bien physique que spirituel, en g\u00e9n\u00e9ral par deux (<em>c\u2019est comme l\u2019amour, \u00e7a fonctionne mieux \u00e0 deux). <\/em><\/p>\n\n\n\n<p>Ainsi il fut question de tant\u00f4t rester coordonn\u00e9 \u00e0 son partenaire ne serait que par une naginata, tant\u00f4t d\u2019accepter son \u00e9nergie avant de la lui rendre par l\u2019interm\u00e9diaire de  nos naginata. <\/p>\n\n\n\n<p>Toute cette pr\u00e9paration mentale et  psychologique se concr\u00e9tisa lorsque Tyl proposa \u00e0 tout le monde de pr\u00e9parer et de pr\u00e9senter un kata imaginaire, exercice bien connu de notre club. Il s\u2019agit donc d\u2019un kata quasi-improvis\u00e9, et surtout  original, n\u00e9 de l\u2019imagination et de l\u2019inspiration de deux (voire plus)  pratiquants. Et ce ne fut pas peine perdue car nous p\u00fbmes appr\u00e9cier de  jolies cr\u00e9ations. <\/p>\n\n\n\n<p>Apr\u00e8s un bon repas revivifiant, nous \u00e9tions de retour. D\u2019abord un petit kihon des familles, puis on encha\u00eena par les tout aussi classiques shikake-ooji \u2026 mais \u00e0 l\u2019envers cette fois.  Car chez nous, on ne fait rien comme les autres, il s\u2019agissait de faire  esdits kata en commen\u00e7ant en migi ch\u00fbdan. <\/p>\n\n\n\n<p>De nouveau, David en \u00e9tonna certains par la fourberie et l\u2019\u00e9tranget\u00e9 de son exercice. Et on continua de plus belles avec des petits shiai arbitr\u00e9s dans lesquels Fran\u00e7ois donnait secr\u00e8tement \u00e0 chacun des participants des consignes \u00e0 respecter, ce qui changeait la physionomie des combats du tout au tout. Pour cl\u00f4turer ces \u00e9tranges entra\u00eenements, Jonathan nous initia au combat en \u00e9quipe de deux, sous la forme de diff\u00e9rents exercices en b\u00f4gu \u00e0 quatre. <\/p>\n\n\n\n<p>Un bruit courait comme quoi la journ\u00e9e du lendemain se terminerait par un petit tournoi en double \u2026  Mais avant cela, un des moments tant attendu se profilait \u00e0 l\u2019horizon\u00a0:  la f\u00eate d\u2019anniversaire \u00e0 proprement parler. <\/p>\n\n\n\n<p>Tout le monde se mit sur son 31 <em>(ou presque)<\/em> avant d\u2019aller avaler un bon repas <em>(si  vous vous dites \u00ab\u00a0Mais ils ne font que bouffer\u00a0!?\u00a0\u00bb, je vous r\u00e9pondrai que vous n\u2019avez pas tort \u2026 Mais on mangeait bien l\u00e0-bas alors autant en  profiter).<\/em><\/p>\n\n\n\n<figure class=\"wp-block-image\"><img decoding=\"async\" src=\"https:\/\/web.archive.org\/web\/20180904043033im_\/http:\/\/www.nagibel.be\/uploads\/images\/stages\/012.jpg\" alt=\"\"\/><\/figure>\n\n\n\n<p>Une petite heure plus tard, l\u2019endroit  qui fut le th\u00e9\u00e2tre de tant d\u2019effort et de fureur devint un havre de  joie et d\u2019hilarit\u00e9, tout particuli\u00e8rement quand nos trois assistants (John, Tyl et Fran\u00e7ois) nous retrac\u00e8rent l\u2019histoire du club et des  personnalit\u00e9s qui le marqu\u00e8rent\u00a0: en plus d\u2019un rappel Historique (oui,  oui, avec un grand H), nous e\u00fbmes droit \u00e0 une personnification, si pas  fid\u00e8le, hilarante de nos trois sensei pr\u00e9f\u00e9r\u00e9s (Fabienne, Marc et  David). N\u2019oublions pas non plus, la lecture ainsi que le joyeux  accompagnement \u00e0 la guitare dont nous fit profiter Jean-Michel, r\u00e9cemment arriv\u00e9 et pourtant d\u00e9j\u00e0 int\u00e9gr\u00e9. Evidemment, une fois n\u2019est pas coutume, tout cela fut copieusement arros\u00e9 <em>(sans exc\u00e8s, on vous rassure<\/em>) et le g\u00e2teau au chocolat ne fit pas long feu. <\/p>\n\n\n\n<p>Evidemment, il fut un peu plus difficile le lendemain de r\u00e9veiller l\u2019\u00e9nergie en nous m\u00eame avec la m\u00e9thode inuit. Cependant, \u00e9tant un homme de tous les d\u00e9fis, Marc r\u00e9ussit  \u00e0 rallumer la flamme de la combativit\u00e9 dans les yeux de la plupart d\u2019entre nous. Voyant les d\u00e9g\u00e2ts qu\u2019avaient entra\u00een\u00e9s un entra\u00eenement si  astreignant<em> (on ne rigole pas chez nous)<\/em> ainsi qu\u2019une f\u00eate effr\u00e9n\u00e9e <em>(ben si en fait, on rigole quand m\u00eame en fait)<\/em>, des exercices de relaxation corporelle \u00e9taient plus que bienvenus. <\/p>\n\n\n\n<p>Cela nous permit d\u2019encha\u00eener sur une r\u00e9vision des shikake-ooji, un exercice appropri\u00e9 en vue des passages de grade qui se d\u00e9roul\u00e8rent un tout petit peu plus tard. C\u2019\u00e9tait l\u2019\u00e9preuve  du feu pour beaucoup de nos nouveaux adh\u00e9rents comme Sacha et Quentin ou m\u00eame encore St\u00e9phane, mais il en fallait plus que le stress et la fatigue pour les faire faillir. Ils d\u00e9croch\u00e8rent donc leur cinqui\u00e8me kyu  avec grand succ\u00e8s\u00a0! Bravo \u00e0 eux, ainsi qu\u2019aux autres participants qui  passaient aussi un grade. Vous vous doutez bien qu\u2019apr\u00e8s tout cela, un  passage \u00e0 la cantine \u00e9tait obligatoire \u2026<\/p>\n\n\n\n<p> L\u2019apr\u00e8s-midi fut courte et seuls les plus courageux trouv\u00e8rent encore la force d\u2019aller chercher au plus profond d\u2019eux-m\u00eames l\u2019animal qui y sommeillait. Fabienne nous aida en ce sens et en profita pour nous faire travailler ce lien privil\u00e9gi\u00e9 avec notre part animale. <\/p>\n\n\n\n<p>Une fois revenu \u00e0 toute notre humanit\u00e9 <em>(on me souffle dans l\u2019oreillette que certains seraient rest\u00e9s bloqu\u00e9s dans l\u2019\u00e9tat de l\u2019exercice pr\u00e9c\u00e9dent)<\/em>, le gong de la comp\u00e9titivit\u00e9 r\u00e9sonna. Il \u00e9tait temps de mettre en pratique tout ce qui avait \u00e9t\u00e9 enseign\u00e9 dans ce stage \u00e0 l\u2019occasion de la comp\u00e9tition amicale de combat en \u00e9quipe. <\/p>\n\n\n\n<p>Cette derni\u00e8re \u00e9preuve finit de drainer les forces de nos courageux participants, et c\u2019est lessiv\u00e9s, mais les souvenirs emplis de bons moments que nous rejoign\u00eemes notre capitale. <\/p>\n\n\n\n<p> Comme on peut le deviner ce week-end fut tr\u00e8s amusant ET tr\u00e8s int\u00e9ressant, et je ne crois pas me tromper quand je dis que tout le monde attend la prochaine \u00e9dition d\u2019un stage appel\u00e9 \u00e0 peut-\u00eatre se renouveler chaque ann\u00e9e <em>(si c\u2019est possible).<\/em><\/p>\n\n\n\n<p>Longue vie au club de la For\u00eat de Soignes&nbsp;!<\/p>\n","protected":false},"excerpt":{"rendered":"<p>Profitant du long week-end du 29 avril au premier mai \u00e9tait organis\u00e9 un stage dans le charmant petit coin de Chiny. En effet, il s\u2019agissait de f\u00eater dignement les 10 ans de notre club dans la sueur, mais surement pas <a class=\"more-link\" href=\"http:\/\/nagibel.com\/index.php\/10-ans-du-club-de-la-foret-de-soignes\/\">Continue reading <span class=\"screen-reader-text\">  10 ans du club de la for\u00eat de Soignes<\/span><span class=\"meta-nav\">&rarr;<\/span><\/a><\/p>\n","protected":false},"author":1,"featured_media":0,"parent":0,"menu_order":0,"comment_status":"closed","ping_status":"closed","template":"","meta":[],"_links":{"self":[{"href":"http:\/\/nagibel.com\/index.php\/wp-json\/wp\/v2\/pages\/414"}],"collection":[{"href":"http:\/\/nagibel.com\/index.php\/wp-json\/wp\/v2\/pages"}],"about":[{"href":"http:\/\/nagibel.com\/index.php\/wp-json\/wp\/v2\/types\/page"}],"author":[{"embeddable":true,"href":"http:\/\/nagibel.com\/index.php\/wp-json\/wp\/v2\/users\/1"}],"replies":[{"embeddable":true,"href":"http:\/\/nagibel.com\/index.php\/wp-json\/wp\/v2\/comments?post=414"}],"version-history":[{"count":1,"href":"http:\/\/nagibel.com\/index.php\/wp-json\/wp\/v2\/pages\/414\/revisions"}],"predecessor-version":[{"id":415,"href":"http:\/\/nagibel.com\/index.php\/wp-json\/wp\/v2\/pages\/414\/revisions\/415"}],"wp:attachment":[{"href":"http:\/\/nagibel.com\/index.php\/wp-json\/wp\/v2\/media?parent=414"}],"curies":[{"name":"wp","href":"https:\/\/api.w.org\/{rel}","templated":true}]}}