{"id":412,"date":"2019-10-18T20:55:04","date_gmt":"2019-10-18T18:55:04","guid":{"rendered":"http:\/\/nagibel.com\/?page_id=412"},"modified":"2019-10-18T20:55:04","modified_gmt":"2019-10-18T18:55:04","slug":"soiree-detude","status":"publish","type":"page","link":"http:\/\/nagibel.com\/index.php\/soiree-detude\/","title":{"rendered":"Soir\u00e9e d&#8217;\u00e9tude"},"content":{"rendered":"\n<p>Un soir \u00e0 Boitsfort\u2026<\/p>\n\n\n\n<p>Invit\u00e9s par Fabienne \u00e0 partager nos connaissances th\u00e9oriques sur le \nnaginata, nous nous sommes retrouv\u00e9s dans son int\u00e9rieur chaleureux en \ncomit\u00e9 restreint\u2026 Yves et L. Dumonceau, mieux connue sous le nom de \nLaurence D. (oui oui celle du prix de fran\u00e7ais\u2026), pour le premier dan, \nAng\u00e8le (dite Picolette) et moi-m\u00eame (je laisse \u00e0 quelqu\u2019un d\u2019autre le \nsoin de rire de moi) pour le deuxi\u00e8me dan.<\/p>\n\n\n\n<figure class=\"wp-block-image\"><img decoding=\"async\" src=\"https:\/\/web.archive.org\/web\/20180904052624im_\/http:\/\/www.nagibel.be\/uploads\/images\/Evenement\/002.jpg\" alt=\"\"\/><\/figure>\n\n\n\n<p>Parmi les autres participants, pour le soutien moral, les \nconnaissances \u00e0 partager et l\u2019ambiance \u00e0 entretenir, je nommerai \nl\u2019illustre John, parmi nous malgr\u00e9 des examens \u00e0 passer, le non moins \nc\u00e9l\u00e8bre J\u00e9sus de Flor\u00e9al et la douce Zaya, fra\u00eechement \u00e9moulue deuxi\u00e8me \ndan lors du stage international \u00e0 Prague.<\/p>\n\n\n\n<p>Je n\u2019oublierai pas l\u2019instigatrice de cet \u00e9v\u00e9nement sans qui de soir\u00e9e  point n\u2019e\u00fbt \u00e9t\u00e9\u00a0: notre bien-aim\u00e9e Fabienne dont l\u2019accueil fut, comme \u00e0 son habitude, chaleureux\u2026<\/p>\n\n\n\n<figure class=\"wp-block-image\"><img decoding=\"async\" src=\"https:\/\/web.archive.org\/web\/20180904052624im_\/http:\/\/www.nagibel.be\/uploads\/images\/Evenement\/008.jpg\" alt=\"\"\/><\/figure>\n\n\n\n<p>Il n\u2019y a point non plus de r\u00e9visions sans tableau de conf\u00e9rence et \nsans marqueurs, sans \u00ab&nbsp;Naginata ultimate guide book&nbsp;\u00bb et sans les \nconseils linguistiques avis\u00e9s de Tim et les traductions parfois \nfolkloriques de John (mais John et folklore ne sont-ils pas \npl\u00e9onastiques&nbsp;?).<\/p>\n\n\n\n<p>Il faut savoir que nous avons r\u00e9ussi \u00e0 \u00eatre presque s\u00e9rieux pendant \nune heure et demie et que cet enseignement fut b\u00e9n\u00e9fique \u00e0 chacun \nd\u2019entre nous vu que nous avons tous r\u00e9ussi avec fruit nos tests au \nchampionnat d\u2019Europe de Tours\u2026 Nous sommes maintenant absolument s\u00fbrs \nqu\u2019il y a moyen d\u2019apprendre en s\u2019amusant.<\/p>\n\n\n\n<p>Les t\u00eates bien pleines nous nous sommes attabl\u00e9s autour d\u2019un bon \nspaghetti v\u00e9g\u00e9tarien qui a rempli nos estomacs et, pour ne pas faillir \u00e0\n la tradition, un bon petit coup de pinard l\u00e0-dessus et Tim ne savait \nplus comment tenir son livre pour le lire, John dessinait des souris en \narmure et nous essayions vainement de nous rappeler certains noms \njaponais dont nous comprenions le sens une heure auparavant\u2026<\/p>\n\n\n\n<figure class=\"wp-block-image\"><img decoding=\"async\" src=\"https:\/\/web.archive.org\/web\/20180904052624im_\/http:\/\/www.nagibel.be\/uploads\/images\/Evenement\/012.jpg\" alt=\"\"\/><\/figure>\n\n\n\n<p>Mais tout ceci n\u2019est que litt\u00e9rature et seuls ceux qui \u00e9taient \npr\u00e9sents sauront faire le tri du vrai et de l\u2019imaginaire\u2026 Bon vent amis \ndu naginata et que la force du tapir tch\u00e9tch\u00e8ne soit avec vous\u2026 \n(celle-l\u00e0, je vous laisse deviner de qui elle vient\u2026)<\/p>\n\n\n\n<p>Aniku<\/p>\n\n\n\n<figure class=\"wp-block-image\"><img decoding=\"async\" src=\"https:\/\/web.archive.org\/web\/20180904052624im_\/http:\/\/www.nagibel.be\/uploads\/images\/Evenement\/001.jpg\" alt=\"\"\/><\/figure>\n","protected":false},"excerpt":{"rendered":"<p>Un soir \u00e0 Boitsfort\u2026 Invit\u00e9s par Fabienne \u00e0 partager nos connaissances th\u00e9oriques sur le naginata, nous nous sommes retrouv\u00e9s dans son int\u00e9rieur chaleureux en comit\u00e9 restreint\u2026 Yves et L. Dumonceau, mieux connue sous le nom de Laurence D. (oui oui <a class=\"more-link\" href=\"http:\/\/nagibel.com\/index.php\/soiree-detude\/\">Continue reading <span class=\"screen-reader-text\">  Soir\u00e9e d&#8217;\u00e9tude<\/span><span class=\"meta-nav\">&rarr;<\/span><\/a><\/p>\n","protected":false},"author":1,"featured_media":0,"parent":0,"menu_order":0,"comment_status":"closed","ping_status":"closed","template":"","meta":[],"_links":{"self":[{"href":"http:\/\/nagibel.com\/index.php\/wp-json\/wp\/v2\/pages\/412"}],"collection":[{"href":"http:\/\/nagibel.com\/index.php\/wp-json\/wp\/v2\/pages"}],"about":[{"href":"http:\/\/nagibel.com\/index.php\/wp-json\/wp\/v2\/types\/page"}],"author":[{"embeddable":true,"href":"http:\/\/nagibel.com\/index.php\/wp-json\/wp\/v2\/users\/1"}],"replies":[{"embeddable":true,"href":"http:\/\/nagibel.com\/index.php\/wp-json\/wp\/v2\/comments?post=412"}],"version-history":[{"count":1,"href":"http:\/\/nagibel.com\/index.php\/wp-json\/wp\/v2\/pages\/412\/revisions"}],"predecessor-version":[{"id":413,"href":"http:\/\/nagibel.com\/index.php\/wp-json\/wp\/v2\/pages\/412\/revisions\/413"}],"wp:attachment":[{"href":"http:\/\/nagibel.com\/index.php\/wp-json\/wp\/v2\/media?parent=412"}],"curies":[{"name":"wp","href":"https:\/\/api.w.org\/{rel}","templated":true}]}}

Soirée d&#8217;étude

<p>Un soir à Boitsfort…</p>



<p>Invités par Fabienne à partager nos connaissances théoriques sur le 
naginata, nous nous sommes retrouvés dans son intérieur chaleureux en 
comité restreint… Yves et L. Dumonceau, mieux connue sous le nom de 
Laurence D. (oui oui celle du prix de français…), pour le premier dan, 
Angèle (dite Picolette) et moi-même (je laisse à quelqu’un d’autre le 
soin de rire de moi) pour le deuxième dan.</p>



<figure class="wp-block-image"><img decoding="async" src="https://web.archive.org/web/20180904052624im_/http://www.nagibel.be/uploads/images/Evenement/002.jpg" alt=""/></figure>



<p>Parmi les autres participants, pour le soutien moral, les 
connaissances à partager et l’ambiance à entretenir, je nommerai 
l’illustre John, parmi nous malgré des examens à passer, le non moins 
célèbre Jésus de Floréal et la douce Zaya, fraîchement émoulue deuxième 
dan lors du stage international à Prague.</p>



<p>Je n’oublierai pas l’instigatrice de cet événement sans qui de soirée  point n’eût été : notre bien-aimée Fabienne dont l’accueil fut, comme à son habitude, chaleureux…</p>



<figure class="wp-block-image"><img decoding="async" src="https://web.archive.org/web/20180904052624im_/http://www.nagibel.be/uploads/images/Evenement/008.jpg" alt=""/></figure>



<p>Il n’y a point non plus de révisions sans tableau de conférence et 
sans marqueurs, sans «&nbsp;Naginata ultimate guide book&nbsp;» et sans les 
conseils linguistiques avisés de Tim et les traductions parfois 
folkloriques de John (mais John et folklore ne sont-ils pas 
pléonastiques&nbsp;?).</p>



<p>Il faut savoir que nous avons réussi à être presque sérieux pendant 
une heure et demie et que cet enseignement fut bénéfique à chacun 
d’entre nous vu que nous avons tous réussi avec fruit nos tests au 
championnat d’Europe de Tours… Nous sommes maintenant absolument sûrs 
qu’il y a moyen d’apprendre en s’amusant.</p>



<p>Les têtes bien pleines nous nous sommes attablés autour d’un bon 
spaghetti végétarien qui a rempli nos estomacs et, pour ne pas faillir à
 la tradition, un bon petit coup de pinard là-dessus et Tim ne savait 
plus comment tenir son livre pour le lire, John dessinait des souris en 
armure et nous essayions vainement de nous rappeler certains noms 
japonais dont nous comprenions le sens une heure auparavant…</p>



<figure class="wp-block-image"><img decoding="async" src="https://web.archive.org/web/20180904052624im_/http://www.nagibel.be/uploads/images/Evenement/012.jpg" alt=""/></figure>



<p>Mais tout ceci n’est que littérature et seuls ceux qui étaient 
présents sauront faire le tri du vrai et de l’imaginaire… Bon vent amis 
du naginata et que la force du tapir tchétchène soit avec vous… 
(celle-là, je vous laisse deviner de qui elle vient…)</p>



<p>Aniku</p>



<figure class="wp-block-image"><img decoding="async" src="https://web.archive.org/web/20180904052624im_/http://www.nagibel.be/uploads/images/Evenement/001.jpg" alt=""/></figure>

<p>Un soir à Boitsfort… Invités par Fabienne à partager nos connaissances théoriques sur le naginata, nous nous sommes retrouvés dans son intérieur chaleureux en comité restreint… Yves et L. Dumonceau, mieux connue sous le nom de Laurence D. (oui oui <a class="more-link" href="http://nagibel.com/index.php/soiree-detude/">Continue reading <span class="screen-reader-text">  Soirée d&#8217;étude</span><span class="meta-nav">&rarr;</span></a></p>
