{"id":406,"date":"2019-09-10T23:10:55","date_gmt":"2019-09-10T21:10:55","guid":{"rendered":"http:\/\/nagibel.com\/?page_id=406"},"modified":"2021-06-13T20:44:55","modified_gmt":"2021-06-13T18:44:55","slug":"en-europe","status":"publish","type":"page","link":"http:\/\/nagibel.com\/index.php\/en-europe\/","title":{"rendered":"Dans le monde"},"content":{"rendered":"\n<p>Le naginata se pratique un peu partout dans le monde. Voici une liste des plus grandes f\u00e9d\u00e9rations:<\/p>\n\n\n\n<ul><li>Allemgane \u2013 DnagB \u2013 <a href=\"http:\/\/dnagb.de\">dnagb.de<\/a><\/li><li>Australie \u2013 ANF \u2013 \u00a0<a href=\"http:\/\/www.naginata.asn.au\">www.naginata.asn.au<\/a><\/li><li>Br\u00e9sil \u2013ANB \u00a0\u2013 \u00a0<a href=\"http:\/\/www.naginata.org.br\">www.naginata.org.br<\/a><\/li><li>Canada \u2013 CNF \u2013 <a href=\"http:\/\/naginata.ca\">naginata.ca<\/a><\/li><li>Finlande &#8211; <a href=\"https:\/\/naginata.fi\/en\/\">https:\/\/naginata.fi\/en\/<\/a><\/li><li>France \u2013 CNK \u2013 <a href=\"http:\/\/www.cnkendo-dr.com\/accueil,272,fr.html\">naginata.cnkendo-dr.com\/presentation,377,fr.html<\/a><\/li><li>Israel \u2013 ISNF \u2013 <a href=\"http:\/\/www.naginata-israel.com\">www.naginata-israel.com<\/a><\/li><li>Italie \u2013 CIK \u2013 <a href=\"http:\/\/confederazioneitalianakendo.it\">confederazioneitalianakendo.it<\/a><\/li><li>Japon- AJNF \u2013 <a href=\"http:\/\/naginata.jp\">naginata.jp<\/a><\/li><li>Nouvelle Z\u00e9lande \u2013 NZNF<\/li><li>Pays-bas \u2013NNR \u2013 <a href=\"http:\/\/www.naginata.nl\">www.naginata.nl<\/a><\/li><li>Portugal &#8211; <a href=\"http:\/\/kendobraga.org\/\">http:\/\/kendobraga.org\/<\/a><\/li><li>R\u00e9publique Tch\u00e8que \u2013 Gorenkai \u2013 <a href=\"http:\/\/www.naginata.euweb.cz\">www.naginata.euweb.cz<\/a><\/li><li>Su\u00e8de \u2013 SKF \u2013 <a href=\"http:\/\/www.kendoforbundet.se\">www.kendoforbundet.se<\/a><\/li><li>Taiwan \u2013 TNA \u2013 <a href=\"https:\/\/www.facebook.com\/naginata.tw\/?tn-str=k*F\">https:\/\/www.facebook.com\/naginata.tw\/?tn-str=k*F<\/a><\/li><li>UK \u2013 BNA \u2013 <a href=\"http:\/\/www.naginata.org.uk\">www.naginata.org.uk<\/a><\/li><li>USA- USNF \u2013 <a href=\"http:\/\/www.naginata.org\">www.naginata.org<\/a> <\/li><\/ul>\n\n\n\n<div class=\"wp-block-image\"><figure class=\"alignright\"><img decoding=\"async\" src=\"https:\/\/web.archive.org\/web\/20180904071354im_\/http:\/\/www.nagibel.be\/uploads\/images\/gallery\/gallery_4.JPG\" alt=\"\"\/><\/figure><\/div>\n\n\n\n<p><\/p>\n\n\n\n<ul><li>Site de la f\u00e9d\u00e9ration Europ\u00e9enne: <a href=\"https:\/\/naginata-federation.eu\/\">https:\/\/naginata-federation.eu\/<\/a><br><\/li><\/ul>\n\n\n\n<p><\/p>\n","protected":false},"excerpt":{"rendered":"<p>Le naginata se pratique un peu partout dans le monde. Voici une liste des plus grandes f\u00e9d\u00e9rations: Allemgane \u2013 DnagB \u2013 dnagb.de Australie \u2013 ANF \u2013 \u00a0www.naginata.asn.au Br\u00e9sil \u2013ANB \u00a0\u2013 \u00a0www.naginata.org.br Canada \u2013 CNF \u2013 naginata.ca Finlande &#8211; https:\/\/naginata.fi\/en\/ France <a class=\"more-link\" href=\"http:\/\/nagibel.com\/index.php\/en-europe\/\">Continue reading <span class=\"screen-reader-text\">  Dans le monde<\/span><span class=\"meta-nav\">&rarr;<\/span><\/a><\/p>\n","protected":false},"author":1,"featured_media":0,"parent":0,"menu_order":0,"comment_status":"closed","ping_status":"closed","template":"","meta":[],"_links":{"self":[{"href":"http:\/\/nagibel.com\/index.php\/wp-json\/wp\/v2\/pages\/406"}],"collection":[{"href":"http:\/\/nagibel.com\/index.php\/wp-json\/wp\/v2\/pages"}],"about":[{"href":"http:\/\/nagibel.com\/index.php\/wp-json\/wp\/v2\/types\/page"}],"author":[{"embeddable":true,"href":"http:\/\/nagibel.com\/index.php\/wp-json\/wp\/v2\/users\/1"}],"replies":[{"embeddable":true,"href":"http:\/\/nagibel.com\/index.php\/wp-json\/wp\/v2\/comments?post=406"}],"version-history":[{"count":6,"href":"http:\/\/nagibel.com\/index.php\/wp-json\/wp\/v2\/pages\/406\/revisions"}],"predecessor-version":[{"id":1160,"href":"http:\/\/nagibel.com\/index.php\/wp-json\/wp\/v2\/pages\/406\/revisions\/1160"}],"wp:attachment":[{"href":"http:\/\/nagibel.com\/index.php\/wp-json\/wp\/v2\/media?parent=406"}],"curies":[{"name":"wp","href":"https:\/\/api.w.org\/{rel}","templated":true}]}}