{"id":358,"date":"2019-09-02T17:28:34","date_gmt":"2019-09-02T15:28:34","guid":{"rendered":"http:\/\/nagibel.com\/?page_id=358"},"modified":"2019-09-02T17:28:35","modified_gmt":"2019-09-02T15:28:35","slug":"coupe-isabelle-dhose-2013","status":"publish","type":"page","link":"http:\/\/nagibel.com\/index.php\/coupe-isabelle-dhose-2013\/","title":{"rendered":"Coupe Isabelle d&#8217;Hose 2013"},"content":{"rendered":"\n<p>11\/11\/2013<\/p>\n\n\n\n<h2>Comp\u00e9tition Dan:<\/h2>\n\n\n\n<ul><li>1\u00e8re place: Tyl Dermine (be)<\/li><li>2\u00e8me place: Fran\u00e7ois Dermine (be)<\/li><li>3\u00e8me place: David D&#8217;hose (be)<\/li><li>Fighting spirit: Felix Furcy (fr)<\/li><\/ul>\n\n\n\n<h2>Comp\u00e9tition Kyu:<\/h2>\n\n\n\n<ul><li>1\u00e8re place: F\u00e9lix Furcy (fr)<\/li><li>2\u00e8me place: Eduardo Brito (portugal)<\/li><li>3\u00e8me place: Mickael Roger (fr)<\/li><li>Fighting spirit: Maxime Maranski (fr)<\/li><\/ul>\n","protected":false},"excerpt":{"rendered":"<p>11\/11\/2013 Comp\u00e9tition Dan: 1\u00e8re place: Tyl Dermine (be) 2\u00e8me place: Fran\u00e7ois Dermine (be) 3\u00e8me place: David D&#8217;hose (be) Fighting spirit: Felix Furcy (fr) Comp\u00e9tition Kyu: 1\u00e8re place: F\u00e9lix Furcy (fr) 2\u00e8me place: Eduardo Brito (portugal) 3\u00e8me place: Mickael Roger (fr) <a class=\"more-link\" href=\"http:\/\/nagibel.com\/index.php\/coupe-isabelle-dhose-2013\/\">Continue reading <span class=\"screen-reader-text\">  Coupe Isabelle d&#8217;Hose 2013<\/span><span class=\"meta-nav\">&rarr;<\/span><\/a><\/p>\n","protected":false},"author":1,"featured_media":0,"parent":0,"menu_order":0,"comment_status":"closed","ping_status":"closed","template":"","meta":[],"_links":{"self":[{"href":"http:\/\/nagibel.com\/index.php\/wp-json\/wp\/v2\/pages\/358"}],"collection":[{"href":"http:\/\/nagibel.com\/index.php\/wp-json\/wp\/v2\/pages"}],"about":[{"href":"http:\/\/nagibel.com\/index.php\/wp-json\/wp\/v2\/types\/page"}],"author":[{"embeddable":true,"href":"http:\/\/nagibel.com\/index.php\/wp-json\/wp\/v2\/users\/1"}],"replies":[{"embeddable":true,"href":"http:\/\/nagibel.com\/index.php\/wp-json\/wp\/v2\/comments?post=358"}],"version-history":[{"count":1,"href":"http:\/\/nagibel.com\/index.php\/wp-json\/wp\/v2\/pages\/358\/revisions"}],"predecessor-version":[{"id":359,"href":"http:\/\/nagibel.com\/index.php\/wp-json\/wp\/v2\/pages\/358\/revisions\/359"}],"wp:attachment":[{"href":"http:\/\/nagibel.com\/index.php\/wp-json\/wp\/v2\/media?parent=358"}],"curies":[{"name":"wp","href":"https:\/\/api.w.org\/{rel}","templated":true}]}}