{"id":327,"date":"2019-09-01T18:27:08","date_gmt":"2019-09-01T16:27:08","guid":{"rendered":"http:\/\/nagibel.com\/?page_id=327"},"modified":"2019-09-01T18:27:09","modified_gmt":"2019-09-01T16:27:09","slug":"championnat-deurope-2012","status":"publish","type":"page","link":"http:\/\/nagibel.com\/index.php\/championnat-deurope-2012\/","title":{"rendered":"Championnat d&#8217;Europe 2012"},"content":{"rendered":"\n<h2><strong>Engi:<\/strong><\/h2>\n\n\n\n<ul><li>1\u00e8re place: Loic Delalande et Dominique Pouchard (FR)<\/li><li>2\u00e8me place: Tyl Dermine et Fran\u00e7ois Dermine (BEL)<\/li><li>3\u00e8me place:  Guillaume Laurent et Jean Mathieu Gaffie (FR)<\/li><\/ul>\n\n\n\n<h2><strong>Men Individual <\/strong><\/h2>\n\n\n\n<ul><li>1\u00e8re place: Francois Dermine (BEL) <\/li><li>2\u00e8me place: Tyl Dermine (BEL) <\/li><li>3\u00e8me place: Loic Delalande (FRA) <\/li><\/ul>\n\n\n\n<h2><strong>Women Individual <\/strong><\/h2>\n\n\n\n<ul><li>1\u00e8re place: Chloe Bellec (FRA) <\/li><li>2\u00e8me place: Laurence Dumonceau (BEL) <\/li><li>3\u00e8me place: Ines Klose (GER) <\/li><\/ul>\n\n\n\n<h2><strong>Team<\/strong><\/h2>\n\n\n\n<ul><li> 1\u00e8re place: Belgium <\/li><li>2\u00e8me place: France <\/li><li>3\u00e8me place: Germany <\/li><\/ul>\n\n\n\n<h2>                                    <strong>Goodwill: <\/strong><\/h2>\n\n\n\n<h2>Kyu category : <\/h2>\n\n\n\n<ul><li>1\u00e8re place: Robert Starck (GER)<\/li><li>2\u00e8me place: Michael Grunow (GER) <\/li><li>3\u00e8me place: Levgenii Kuts (UKR) <\/li><\/ul>\n\n\n\n<h2>1kyu\/Dan category :<\/h2>\n\n\n\n<ul><li>1\u00e8re place: Jean-Louis Moulin (FRA) <\/li><li>2\u00e8me place: Sara Susca (ITA) <\/li><li>3\u00e8me place: Silvia Cinzano (ITA) <\/li><\/ul>\n\n\n\n<h2><strong>Fighting spirit: <\/strong><\/h2>\n\n\n\n<ul><li>Jan Hrb\u00e1\u010d (CZE) <\/li><li>Ines Klose (GER)<\/li><\/ul>\n","protected":false},"excerpt":{"rendered":"<p>Engi: 1\u00e8re place: Loic Delalande et Dominique Pouchard (FR) 2\u00e8me place: Tyl Dermine et Fran\u00e7ois Dermine (BEL) 3\u00e8me place: Guillaume Laurent et Jean Mathieu Gaffie (FR) Men Individual 1\u00e8re place: Francois Dermine (BEL) 2\u00e8me place: Tyl Dermine (BEL) 3\u00e8me place: <a class=\"more-link\" href=\"http:\/\/nagibel.com\/index.php\/championnat-deurope-2012\/\">Continue reading <span class=\"screen-reader-text\">  Championnat d&#8217;Europe 2012<\/span><span class=\"meta-nav\">&rarr;<\/span><\/a><\/p>\n","protected":false},"author":1,"featured_media":0,"parent":0,"menu_order":0,"comment_status":"closed","ping_status":"closed","template":"","meta":[],"_links":{"self":[{"href":"http:\/\/nagibel.com\/index.php\/wp-json\/wp\/v2\/pages\/327"}],"collection":[{"href":"http:\/\/nagibel.com\/index.php\/wp-json\/wp\/v2\/pages"}],"about":[{"href":"http:\/\/nagibel.com\/index.php\/wp-json\/wp\/v2\/types\/page"}],"author":[{"embeddable":true,"href":"http:\/\/nagibel.com\/index.php\/wp-json\/wp\/v2\/users\/1"}],"replies":[{"embeddable":true,"href":"http:\/\/nagibel.com\/index.php\/wp-json\/wp\/v2\/comments?post=327"}],"version-history":[{"count":1,"href":"http:\/\/nagibel.com\/index.php\/wp-json\/wp\/v2\/pages\/327\/revisions"}],"predecessor-version":[{"id":328,"href":"http:\/\/nagibel.com\/index.php\/wp-json\/wp\/v2\/pages\/327\/revisions\/328"}],"wp:attachment":[{"href":"http:\/\/nagibel.com\/index.php\/wp-json\/wp\/v2\/media?parent=327"}],"curies":[{"name":"wp","href":"https:\/\/api.w.org\/{rel}","templated":true}]}}

<h2><strong>Engi:</strong></h2>



<ul><li>1ère place: Loic Delalande et Dominique Pouchard (FR)</li><li>2ème place: Tyl Dermine et François Dermine (BEL)</li><li>3ème place:  Guillaume Laurent et Jean Mathieu Gaffie (FR)</li></ul>



<h2><strong>Men Individual </strong></h2>



<ul><li>1ère place: Francois Dermine (BEL) </li><li>2ème place: Tyl Dermine (BEL) </li><li>3ème place: Loic Delalande (FRA) </li></ul>



<h2><strong>Women Individual </strong></h2>



<ul><li>1ère place: Chloe Bellec (FRA) </li><li>2ème place: Laurence Dumonceau (BEL) </li><li>3ème place: Ines Klose (GER) </li></ul>



<h2><strong>Team</strong></h2>



<ul><li> 1ère place: Belgium </li><li>2ème place: France </li><li>3ème place: Germany </li></ul>



<h2>                                    <strong>Goodwill: </strong></h2>



<h2>Kyu category : </h2>



<ul><li>1ère place: Robert Starck (GER)</li><li>2ème place: Michael Grunow (GER) </li><li>3ème place: Levgenii Kuts (UKR) </li></ul>



<h2>1kyu/Dan category :</h2>



<ul><li>1ère place: Jean-Louis Moulin (FRA) </li><li>2ème place: Sara Susca (ITA) </li><li>3ème place: Silvia Cinzano (ITA) </li></ul>



<h2><strong>Fighting spirit: </strong></h2>



<ul><li>Jan Hrbáč (CZE) </li><li>Ines Klose (GER)</li></ul>

<p>Engi: 1ère place: Loic Delalande et Dominique Pouchard (FR) 2ème place: Tyl Dermine et François Dermine (BEL) 3ème place: Guillaume Laurent et Jean Mathieu Gaffie (FR) Men Individual 1ère place: Francois Dermine (BEL) 2ème place: Tyl Dermine (BEL) 3ème place: <a class="more-link" href="http://nagibel.com/index.php/championnat-deurope-2012/">Continue reading <span class="screen-reader-text">  Championnat d&#8217;Europe 2012</span><span class="meta-nav">&rarr;</span></a></p>
