{"id":319,"date":"2019-09-01T18:06:58","date_gmt":"2019-09-01T16:06:58","guid":{"rendered":"http:\/\/nagibel.com\/?page_id=319"},"modified":"2025-08-04T21:00:18","modified_gmt":"2025-08-04T19:00:18","slug":"championnat-deurope-2005","status":"publish","type":"page","link":"http:\/\/nagibel.com\/index.php\/championnat-deurope-2005\/","title":{"rendered":"Championnat d&#8217;Europe 2005"},"content":{"rendered":"\n<p>Le 5\u00e8me championnat d&#8217;Europe \u00e0 eut lieu \u00e0 Tour, en France le 26 et 27 novembre 2005. \u00c9tait pr\u00e9sent, la France, la Hollande, la Su\u00e8de, la Belgique, la R\u00e9publique Ch\u00e8que et l&#8217;Allemagne.<\/p>\n\n\n\n<p>En voici les r\u00e9sultats:<\/p>\n\n\n\n<h2><strong>ENGI<\/strong>: <\/h2>\n\n\n\n<ul>\n<li>1\u00e8re place: Tyl Dermine &#8211; Fran\u00e7ois Dermine(Belgium)<\/li>\n\n\n\n<li> 2\u00e8me place: Jonathan D&#8217;hose &#8211; David D&#8217;hose (Belgium) <\/li>\n\n\n\n<li>3\u00e8me ex-aequo : Lo\u00efc Delalande and Dominique Pouchard (France), Andreas Nicol et Eva Gervers (Germany) <\/li>\n<\/ul>\n\n\n\n<h2><strong>INDIVIDIEL FEMME: <\/strong><\/h2>\n\n\n\n<ul>\n<li>1\u00e8re place: Anne Guillaume (France)<\/li>\n\n\n\n<li> 2\u00e8me place: Ang\u00e9lique Laurent (Belgium)<\/li>\n\n\n\n<li> 3\u00e8me ex-aequo : Chlo\u00e9 Bellec (France) et Catherine Parisis (France) <\/li>\n<\/ul>\n\n\n\n<h2><strong> INDIVIDUEL HOMME:<\/strong><\/h2>\n\n\n\n<ul>\n<li>1\u00e8re place: Tyl Dermine (Belgium)<\/li>\n\n\n\n<li> 2\u00e8me place: Jonathan D&#8217;hose (Belgium) <\/li>\n\n\n\n<li>3\u00e8me ex-aequo : Roeland Van Houte (The Netherlands) et Axel Noorman (The Netherlands) <\/li>\n<\/ul>\n\n\n\n<h2> <strong>TEAM: <\/strong><\/h2>\n\n\n\n<ul>\n<li>1\u00e8re place: Belgium (A. Laurent, C. Vandersleyen, T. Dermine, D. D&#8217;hose, F. Dermine) <\/li>\n\n\n\n<li>2\u00e8me place : The Netherlands (J. Chin, M. Berghaan, A. Noorman et R. Van Houte)<\/li>\n\n\n\n<li> 3\u00e8me place: France (C. Parisis, O. Villain, H. Jeang\u00e9rard, L. Delalande et D. Pouchard) <\/li>\n<\/ul>\n\n\n\n<h2>                              GOODWILL:<\/h2>\n\n\n\n<h2><strong>GOODWILL JUNIOR:<\/strong><\/h2>\n\n\n\n<ul>\n<li> 1\u00e8re place: Isabelle D&#8217;hose (Belgium)<\/li>\n\n\n\n<li> 2\u00e8me place: Laurence Dumonceau (Belgium) <\/li>\n\n\n\n<li>3\u00e8me ex-aequo : J\u00e9r\u00f4me Lacoste (France) et Fabien Imbert (France) <\/li>\n<\/ul>\n\n\n\n<h2> <strong>GOODWILL KYU:<\/strong><\/h2>\n\n\n\n<ul>\n<li> 1\u00e8re place: Tim Wiame (Belgium) <\/li>\n\n\n\n<li>2\u00e8me place: Thibaud Bouard (France) <\/li>\n\n\n\n<li>3\u00e8me place: Vincent Emerit (France) <\/li>\n<\/ul>\n\n\n\n<h2><strong>GOODWILL DAN: <\/strong><\/h2>\n\n\n\n<ul>\n<li>1\u00e8re place: Benoit Lauren\u00e7on (France) <\/li>\n\n\n\n<li>2\u00e8me place : Jean-Louis Moulin (France) <\/li>\n\n\n\n<li>3\u00e8me place: Eric Barbier (France)<\/li>\n<\/ul>\n\n\n\n<h2> <strong>Fighting Spirit: <\/strong><\/h2>\n\n\n\n<ul>\n<li> Man individual : Valentin PERE (France)<\/li>\n\n\n\n<li> Woman individual : Lisa SANDER (Sweden) <\/li>\n<\/ul>\n","protected":false},"excerpt":{"rendered":"<p>Le 5\u00e8me championnat d&#8217;Europe \u00e0 eut lieu \u00e0 Tour, en France le 26 et 27 novembre 2005. \u00c9tait pr\u00e9sent, la France, la Hollande, la Su\u00e8de, la Belgique, la R\u00e9publique Ch\u00e8que et l&#8217;Allemagne. En voici les r\u00e9sultats: ENGI: INDIVIDIEL FEMME: INDIVIDUEL <a class=\"more-link\" href=\"http:\/\/nagibel.com\/index.php\/championnat-deurope-2005\/\">Continue reading <span class=\"screen-reader-text\">  Championnat d&#8217;Europe 2005<\/span><span class=\"meta-nav\">&rarr;<\/span><\/a><\/p>\n","protected":false},"author":1,"featured_media":0,"parent":0,"menu_order":0,"comment_status":"closed","ping_status":"closed","template":"","meta":[],"_links":{"self":[{"href":"http:\/\/nagibel.com\/index.php\/wp-json\/wp\/v2\/pages\/319"}],"collection":[{"href":"http:\/\/nagibel.com\/index.php\/wp-json\/wp\/v2\/pages"}],"about":[{"href":"http:\/\/nagibel.com\/index.php\/wp-json\/wp\/v2\/types\/page"}],"author":[{"embeddable":true,"href":"http:\/\/nagibel.com\/index.php\/wp-json\/wp\/v2\/users\/1"}],"replies":[{"embeddable":true,"href":"http:\/\/nagibel.com\/index.php\/wp-json\/wp\/v2\/comments?post=319"}],"version-history":[{"count":2,"href":"http:\/\/nagibel.com\/index.php\/wp-json\/wp\/v2\/pages\/319\/revisions"}],"predecessor-version":[{"id":1537,"href":"http:\/\/nagibel.com\/index.php\/wp-json\/wp\/v2\/pages\/319\/revisions\/1537"}],"wp:attachment":[{"href":"http:\/\/nagibel.com\/index.php\/wp-json\/wp\/v2\/media?parent=319"}],"curies":[{"name":"wp","href":"https:\/\/api.w.org\/{rel}","templated":true}]}}