{"id":300,"date":"2019-09-01T17:43:24","date_gmt":"2019-09-01T15:43:24","guid":{"rendered":"http:\/\/nagibel.com\/?page_id=300"},"modified":"2019-09-01T17:43:25","modified_gmt":"2019-09-01T15:43:25","slug":"championnat-du-monde-2015","status":"publish","type":"page","link":"http:\/\/nagibel.com\/index.php\/championnat-du-monde-2015\/","title":{"rendered":"Championnat du monde 2015"},"content":{"rendered":"\n<h2><strong>Engi:<\/strong><\/h2>\n\n\n\n<ul><li>1\u00e8re place: A. Ajiki et M. Nuki (Japon)<\/li><li>2\u00e8me place: M. Inoue et S. Sakaki (Japon)<\/li><li>3\u00e8me place: A. Noorman et F. Noorman (Hollande)<\/li><li>4\u00e8me place: Coppeans et Harrop (USA)<\/li><\/ul>\n\n\n\n<figure class=\"wp-block-image\"><img decoding=\"async\" src=\"https:\/\/web.archive.org\/web\/20180904075237im_\/http:\/\/www.nagibel.be\/uploads\/images\/compet\/19138970404_be64611849_o.gif\" alt=\"\"\/><\/figure>\n\n\n\n<h2><strong>Individuel Femme: <\/strong><\/h2>\n\n\n\n<ul><li>1\u00e8re place: H. hayashida (Japon)<\/li><li>2\u00e8me place: A. Ajiki (Japon)<\/li><li>3\u00e8me place: M. Nuki (Japon)<\/li><li>4\u00e8me place: M. Landekic (Canada)<\/li><\/ul>\n\n\n\n<figure class=\"wp-block-image\"><img decoding=\"async\" src=\"https:\/\/web.archive.org\/web\/20180904075237im_\/http:\/\/www.nagibel.be\/uploads\/images\/compet\/19761563015_c763fb4e03_o.gif\" alt=\"\"\/><\/figure>\n\n\n\n<h2><strong>Individuel Homme: <\/strong><\/h2>\n\n\n\n<ul><li>1\u00e8re place: K. Tanaka (Japon)<\/li><li>2\u00e8me place: F. Dermine (Belgique)<\/li><li>3\u00e8me place: H. Kato (Japon)<\/li><li>4\u00e8me place: J. Ryngen (Su\u00e8de)<\/li><\/ul>\n\n\n\n<figure class=\"wp-block-image\"><img decoding=\"async\" src=\"https:\/\/web.archive.org\/web\/20180904075237im_\/http:\/\/www.nagibel.be\/uploads\/images\/compet\/19766268021_17b29730ca_o.gif\" alt=\"\"\/><\/figure>\n\n\n\n<h2><strong>Equipe Femme:<\/strong><\/h2>\n\n\n\n<ul><li>1\u00e8re place: Japon (H. Hayashida, M. Inoue, M. Nuki)<\/li><li>2\u00e8me place: USA (K. Shamrell- Harrington, S. Lew, K. Tsukamaki)<\/li><li>3\u00e8me place: France (C. Bellec,S. Schmitz, A. Babule)<\/li><li>4\u00e8me place: Canada (A. Lin, J. Chalifour, M. Landekic)<\/li><\/ul>\n\n\n\n<figure class=\"wp-block-image\"><img decoding=\"async\" src=\"https:\/\/web.archive.org\/web\/20180904075237im_\/http:\/\/www.nagibel.be\/uploads\/images\/compet\/19754307292_f2b3bf155c_o.gif\" alt=\"\"\/><\/figure>\n\n\n\n<h2><strong> Equipe Homme: <\/strong><\/h2>\n\n\n\n<ul><li>1\u00e8re place: Japon ( K. Tanaka, S. Sahashi, S. Sakaki)<\/li><li>2\u00e8me place: Belgique (Tyl Dermine, David D&#8217;Hose et Fran\u00e7ois Dermine)<\/li><li>3\u00e8me place: Canada (T. Almonte, D. Bouchard, A. Fromentin)<\/li><li>4\u00e8me place: France (J. Karpinski, L. Delalande, J. Gaffi\u00e9)<\/li><\/ul>\n\n\n\n<figure class=\"wp-block-image\"><img decoding=\"async\" src=\"https:\/\/web.archive.org\/web\/20180904075237im_\/http:\/\/www.nagibel.be\/uploads\/images\/compet\/19761562985_95e70d564e_o.gif\" alt=\"\"\/><\/figure>\n\n\n\n<h2><strong>Rythmique: <\/strong><\/h2>\n\n\n\n<p>Bien que cela ne fasse plus partie de la comp\u00e9tition officielle, plusieurs pays avait pr\u00e9parer un rythmique:<\/p>\n\n\n\n<p>Le rythmique de la Belgique \u00e9tait compos\u00e9 de Fran\u00e7ois Dermine, H\u00e9lo\u00efse Guyomard,  David d&#8217;Hose, Yolanda Vanneste, Jonathan d&#8217;Hose, Laurence Dumonceau, Tyl  Dermine et Pascale Decoster.<\/p>\n\n\n\n<p> USA: <\/p>\n\n\n\n<p><a href=\"https:\/\/web.archive.org\/web\/20180904075237\/https:\/\/www.youtube.com\/watch?v=LYs-NMolzas&amp;feature=youtu.be\">https:\/\/www.youtube.com\/watch?v=LYs-NMolzas&amp;feature=youtu.be <\/a><\/p>\n\n\n\n<p>Su\u00e8de:<\/p>\n\n\n\n<figure class=\"wp-block-embed-youtube wp-block-embed is-type-video is-provider-youtube wp-embed-aspect-16-9 wp-has-aspect-ratio\"><div class=\"wp-block-embed__wrapper\">\n<iframe loading=\"lazy\" title=\"Rhythm Naginata Sweden 2015 - 6th World Championship, Montreal\" width=\"530\" height=\"298\" src=\"https:\/\/www.youtube.com\/embed\/xsiQu3C8cmY?feature=oembed\" frameborder=\"0\" allow=\"accelerometer; autoplay; encrypted-media; gyroscope; picture-in-picture\" allowfullscreen><\/iframe>\n<\/div><\/figure>\n","protected":false},"excerpt":{"rendered":"<p>Engi: 1\u00e8re place: A. Ajiki et M. Nuki (Japon) 2\u00e8me place: M. Inoue et S. Sakaki (Japon) 3\u00e8me place: A. Noorman et F. Noorman (Hollande) 4\u00e8me place: Coppeans et Harrop (USA) Individuel Femme: 1\u00e8re place: H. hayashida (Japon) 2\u00e8me place: <a class=\"more-link\" href=\"http:\/\/nagibel.com\/index.php\/championnat-du-monde-2015\/\">Continue reading <span class=\"screen-reader-text\">  Championnat du monde 2015<\/span><span class=\"meta-nav\">&rarr;<\/span><\/a><\/p>\n","protected":false},"author":1,"featured_media":0,"parent":0,"menu_order":0,"comment_status":"closed","ping_status":"closed","template":"","meta":[],"_links":{"self":[{"href":"http:\/\/nagibel.com\/index.php\/wp-json\/wp\/v2\/pages\/300"}],"collection":[{"href":"http:\/\/nagibel.com\/index.php\/wp-json\/wp\/v2\/pages"}],"about":[{"href":"http:\/\/nagibel.com\/index.php\/wp-json\/wp\/v2\/types\/page"}],"author":[{"embeddable":true,"href":"http:\/\/nagibel.com\/index.php\/wp-json\/wp\/v2\/users\/1"}],"replies":[{"embeddable":true,"href":"http:\/\/nagibel.com\/index.php\/wp-json\/wp\/v2\/comments?post=300"}],"version-history":[{"count":1,"href":"http:\/\/nagibel.com\/index.php\/wp-json\/wp\/v2\/pages\/300\/revisions"}],"predecessor-version":[{"id":301,"href":"http:\/\/nagibel.com\/index.php\/wp-json\/wp\/v2\/pages\/300\/revisions\/301"}],"wp:attachment":[{"href":"http:\/\/nagibel.com\/index.php\/wp-json\/wp\/v2\/media?parent=300"}],"curies":[{"name":"wp","href":"https:\/\/api.w.org\/{rel}","templated":true}]}}