{"id":296,"date":"2019-09-01T17:34:24","date_gmt":"2019-09-01T15:34:24","guid":{"rendered":"http:\/\/nagibel.com\/?page_id=296"},"modified":"2019-09-01T17:34:24","modified_gmt":"2019-09-01T15:34:24","slug":"championnat-du-monde-2007","status":"publish","type":"page","link":"http:\/\/nagibel.com\/index.php\/championnat-du-monde-2007\/","title":{"rendered":"Championnat du monde 2007"},"content":{"rendered":"\n<p>Bruxelles avait la chance d\u2019accueillir les Championnats du Monde de 2007!<\/p>\n\n\n\n<p>En voici les r\u00e9sultats:<\/p>\n\n\n\n<h2><strong>Rythmique:<\/strong><\/h2>\n\n\n\n<ul><li>1er: Belgique<\/li><li>2\u00e8me: Japon<\/li><li>3\u00e8me: USA<\/li><\/ul>\n\n\n\n<h2><strong>Engi:<\/strong><\/h2>\n\n\n\n<ul><li>1er: Misa Nakahira -Yumi Yamaguchi (Japon)<\/li><li>2\u00e8me: Youko Ikenishi &#8211; Kazuyo Yoshii (Japon)<\/li><li>3\u00e8me:Tyl et Fran\u00e7ois Dermine (Belgique)<\/li><li>4\u00e8me: Jonathan et David D&#8217;Hose (Belgique)<\/li><\/ul>\n\n\n\n<h2><strong>Individuel Femme:<\/strong><\/h2>\n\n\n\n<ul><li>1\u00e8re: Miwa Ogata (Japon)<\/li><li>2\u00e8me: Akiko Sato (Japon)<\/li><li>3\u00e8me: Charlotte Vandersleyen (Belgique)<\/li><li>4\u00e8me: Krisi H\u00f6glund (Su\u00e8de)<\/li><\/ul>\n\n\n\n<h2><strong>Individuel Homme:<\/strong><\/h2>\n\n\n\n<ul><li>1er: Norio Watanabe (Japon)<\/li><li>2\u00e8me: Isamu Itagaki (Japon)<\/li><li>3\u00e8me: Alex Bennett (Nouvelle Z\u00e9lande)<\/li><li>4\u00e8me: Philibert Vandersleyen (Belgique)<\/li><\/ul>\n\n\n\n<h2><strong>Equipe Femmes:<\/strong><\/h2>\n\n\n\n<ul><li>1\u00e8re: Japon<\/li><li>2\u00e8me: USA<\/li><li>3\u00e8me: France<\/li><li>4\u00e8me: Br\u00e9sil<\/li><\/ul>\n\n\n\n<h2><strong>Equipe Hommes:<\/strong><\/h2>\n\n\n\n<ul><li>1\u00e8re: Japon<\/li><li>2\u00e8me: USA<\/li><li>3\u00e8me: Belgique<\/li><li>4\u00e8me: Hollande<\/li><\/ul>\n","protected":false},"excerpt":{"rendered":"<p>Bruxelles avait la chance d\u2019accueillir les Championnats du Monde de 2007! En voici les r\u00e9sultats: Rythmique: 1er: Belgique 2\u00e8me: Japon 3\u00e8me: USA Engi: 1er: Misa Nakahira -Yumi Yamaguchi (Japon) 2\u00e8me: Youko Ikenishi &#8211; Kazuyo Yoshii (Japon) 3\u00e8me:Tyl et Fran\u00e7ois Dermine <a class=\"more-link\" href=\"http:\/\/nagibel.com\/index.php\/championnat-du-monde-2007\/\">Continue reading <span class=\"screen-reader-text\">  Championnat du monde 2007<\/span><span class=\"meta-nav\">&rarr;<\/span><\/a><\/p>\n","protected":false},"author":1,"featured_media":0,"parent":0,"menu_order":0,"comment_status":"closed","ping_status":"closed","template":"","meta":[],"_links":{"self":[{"href":"http:\/\/nagibel.com\/index.php\/wp-json\/wp\/v2\/pages\/296"}],"collection":[{"href":"http:\/\/nagibel.com\/index.php\/wp-json\/wp\/v2\/pages"}],"about":[{"href":"http:\/\/nagibel.com\/index.php\/wp-json\/wp\/v2\/types\/page"}],"author":[{"embeddable":true,"href":"http:\/\/nagibel.com\/index.php\/wp-json\/wp\/v2\/users\/1"}],"replies":[{"embeddable":true,"href":"http:\/\/nagibel.com\/index.php\/wp-json\/wp\/v2\/comments?post=296"}],"version-history":[{"count":1,"href":"http:\/\/nagibel.com\/index.php\/wp-json\/wp\/v2\/pages\/296\/revisions"}],"predecessor-version":[{"id":297,"href":"http:\/\/nagibel.com\/index.php\/wp-json\/wp\/v2\/pages\/296\/revisions\/297"}],"wp:attachment":[{"href":"http:\/\/nagibel.com\/index.php\/wp-json\/wp\/v2\/media?parent=296"}],"curies":[{"name":"wp","href":"https:\/\/api.w.org\/{rel}","templated":true}]}}