{"id":292,"date":"2019-09-01T17:29:05","date_gmt":"2019-09-01T15:29:05","guid":{"rendered":"http:\/\/nagibel.com\/?page_id=292"},"modified":"2019-09-01T17:29:06","modified_gmt":"2019-09-01T15:29:06","slug":"championnat-du-monde-2003","status":"publish","type":"page","link":"http:\/\/nagibel.com\/index.php\/championnat-du-monde-2003\/","title":{"rendered":"Championnat du monde 2003"},"content":{"rendered":"\n<p>Les 3\u00e8mes Championnats du Monde ont eut lieu au USA, \u00e0 San Jos\u00e9e:<\/p>\n\n\n\n<h2><strong>Engi:<\/strong><\/h2>\n\n\n\n<ul><li>1\u00e8re place: USA<\/li><li>2\u00e8me place: Philibert Vandersleyen et Fran\u00e7ois Dermine (Belgique)<\/li><li>3\u00e8me place: Dominique Pouchard et Lo\u00efc Delalande (France)<\/li><\/ul>\n\n\n\n<h2><strong>Individuel Femme:<\/strong><\/h2>\n\n\n\n<ul><li>1\u00e8re place: Jana Soukupova (Tchequie)<\/li><li>2\u00e8me place: Catherine Parisis (France)<\/li><li>3\u00e8me place: Annick Henrot (Belgique)<\/li><\/ul>\n\n\n\n<h2><strong>Individuel Homme:<\/strong><\/h2>\n\n\n\n<ul><li>1\u00e8re place; Tyl Dermine (Belgique)<\/li><li>2\u00e8me place: Jonathan D&#8217;Hose (Belgique)<\/li><li>3\u00e8me place: Fran\u00e7ois Dermine (Belgique)<\/li><\/ul>\n\n\n\n<h2><strong>Equipe Femme:<\/strong><\/h2>\n\n\n\n<ul><li>1er: France<\/li><li>2\u00e8me: Belgique<\/li><li>3\u00e8me USA<\/li><\/ul>\n\n\n\n<h2><strong>Equipe Homme<\/strong><\/h2>\n\n\n\n<ul><li>1ere: USA<\/li><li>2\u00e8me: Belgique<\/li><li>3\u00e8me France<\/li><\/ul>\n","protected":false},"excerpt":{"rendered":"<p>Les 3\u00e8mes Championnats du Monde ont eut lieu au USA, \u00e0 San Jos\u00e9e: Engi: 1\u00e8re place: USA 2\u00e8me place: Philibert Vandersleyen et Fran\u00e7ois Dermine (Belgique) 3\u00e8me place: Dominique Pouchard et Lo\u00efc Delalande (France) Individuel Femme: 1\u00e8re place: Jana Soukupova (Tchequie) <a class=\"more-link\" href=\"http:\/\/nagibel.com\/index.php\/championnat-du-monde-2003\/\">Continue reading <span class=\"screen-reader-text\">  Championnat du monde 2003<\/span><span class=\"meta-nav\">&rarr;<\/span><\/a><\/p>\n","protected":false},"author":1,"featured_media":0,"parent":0,"menu_order":0,"comment_status":"closed","ping_status":"closed","template":"","meta":[],"_links":{"self":[{"href":"http:\/\/nagibel.com\/index.php\/wp-json\/wp\/v2\/pages\/292"}],"collection":[{"href":"http:\/\/nagibel.com\/index.php\/wp-json\/wp\/v2\/pages"}],"about":[{"href":"http:\/\/nagibel.com\/index.php\/wp-json\/wp\/v2\/types\/page"}],"author":[{"embeddable":true,"href":"http:\/\/nagibel.com\/index.php\/wp-json\/wp\/v2\/users\/1"}],"replies":[{"embeddable":true,"href":"http:\/\/nagibel.com\/index.php\/wp-json\/wp\/v2\/comments?post=292"}],"version-history":[{"count":1,"href":"http:\/\/nagibel.com\/index.php\/wp-json\/wp\/v2\/pages\/292\/revisions"}],"predecessor-version":[{"id":293,"href":"http:\/\/nagibel.com\/index.php\/wp-json\/wp\/v2\/pages\/292\/revisions\/293"}],"wp:attachment":[{"href":"http:\/\/nagibel.com\/index.php\/wp-json\/wp\/v2\/media?parent=292"}],"curies":[{"name":"wp","href":"https:\/\/api.w.org\/{rel}","templated":true}]}}