{"id":270,"date":"2019-09-01T16:56:38","date_gmt":"2019-09-01T14:56:38","guid":{"rendered":"http:\/\/nagibel.com\/?page_id=270"},"modified":"2019-09-01T16:56:38","modified_gmt":"2019-09-01T14:56:38","slug":"comme-si-vous-y-etiez-belgique-2005","status":"publish","type":"page","link":"http:\/\/nagibel.com\/index.php\/comme-si-vous-y-etiez-belgique-2005\/","title":{"rendered":"Comme si vous y \u00e9tiez..Belgique 2005"},"content":{"rendered":"\n<p>Ce fut une splendide journ\u00e9e orchestr\u00e9e d\u2019une main de ma\u00eetre par Fabienne. <\/p>\n\n\n\n<p>En effet chacun avait sa t\u00e2che et  tout s\u2019est bien encha\u00eene, heureusement d&#8217;ailleurs, car le timing \u00e9tait serr\u00e9\u00a0! Alors avant toute chose\u00a0: MERCI FABIENNE\u00a0!<\/p>\n\n\n\n<p> Pour la plus grande joie de tous, Martine Deschamps est venue aider nos arbitres et partager son savoir avec nous.  Apr\u00e8s un long voyage en train elle nous a rejoint autour d\u2019un bon repas, au cours duquel les arbitres  envisag\u00e8rent avec elle, les diff\u00e9rents points  \u00e0 garder \u00e0 l\u2019esprit. <\/p>\n\n\n\n<p>Martine insista sur le fait qu\u2019un hantei (d\u00e9cision arbitrale) doit s\u2019envisager, d\u00e8s le d\u00e9but d\u2019un combat,  et non lors des prolongations. M\u00eame si cela semble \u00e9vident, il faut  l\u2019appliquer, et je dois reconna\u00eetre que cette recommandation fut utile aux arbitres, car les ikiwake furent nombreux.<\/p>\n","protected":false},"excerpt":{"rendered":"<p>Ce fut une splendide journ\u00e9e orchestr\u00e9e d\u2019une main de ma\u00eetre par Fabienne. En effet chacun avait sa t\u00e2che et tout s\u2019est bien encha\u00eene, heureusement d&#8217;ailleurs, car le timing \u00e9tait serr\u00e9\u00a0! Alors avant toute chose\u00a0: MERCI FABIENNE\u00a0! Pour la plus grande <a class=\"more-link\" href=\"http:\/\/nagibel.com\/index.php\/comme-si-vous-y-etiez-belgique-2005\/\">Continue reading <span class=\"screen-reader-text\">  Comme si vous y \u00e9tiez..Belgique 2005<\/span><span class=\"meta-nav\">&rarr;<\/span><\/a><\/p>\n","protected":false},"author":1,"featured_media":0,"parent":0,"menu_order":0,"comment_status":"closed","ping_status":"closed","template":"","meta":[],"_links":{"self":[{"href":"http:\/\/nagibel.com\/index.php\/wp-json\/wp\/v2\/pages\/270"}],"collection":[{"href":"http:\/\/nagibel.com\/index.php\/wp-json\/wp\/v2\/pages"}],"about":[{"href":"http:\/\/nagibel.com\/index.php\/wp-json\/wp\/v2\/types\/page"}],"author":[{"embeddable":true,"href":"http:\/\/nagibel.com\/index.php\/wp-json\/wp\/v2\/users\/1"}],"replies":[{"embeddable":true,"href":"http:\/\/nagibel.com\/index.php\/wp-json\/wp\/v2\/comments?post=270"}],"version-history":[{"count":1,"href":"http:\/\/nagibel.com\/index.php\/wp-json\/wp\/v2\/pages\/270\/revisions"}],"predecessor-version":[{"id":271,"href":"http:\/\/nagibel.com\/index.php\/wp-json\/wp\/v2\/pages\/270\/revisions\/271"}],"wp:attachment":[{"href":"http:\/\/nagibel.com\/index.php\/wp-json\/wp\/v2\/media?parent=270"}],"curies":[{"name":"wp","href":"https:\/\/api.w.org\/{rel}","templated":true}]}}