{"id":143,"date":"2019-07-21T21:47:56","date_gmt":"2019-07-21T19:47:56","guid":{"rendered":"http:\/\/nagibel.com\/?page_id=143"},"modified":"2019-07-21T21:47:57","modified_gmt":"2019-07-21T19:47:57","slug":"demonstration-devant-le-roi-et-la-reine","status":"publish","type":"page","link":"http:\/\/nagibel.com\/index.php\/demonstration-devant-le-roi-et-la-reine\/","title":{"rendered":"D\u00e9monstration devant le Roi et la Reine"},"content":{"rendered":"\n<p>A l&#8217;occasion des festivit\u00e9s du 21 juillet 2019, nous avons eu l&#8217;occasion de faire une d\u00e9monstration devant le Roi et la Reine. <\/p>\n\n\n\n<figure class=\"wp-block-image\"><img decoding=\"async\" loading=\"lazy\" width=\"1024\" height=\"650\" src=\"http:\/\/nagibel.com\/wp-content\/uploads\/2019\/07\/IMG-20190721-WA0029-1024x650.jpg\" alt=\"\" class=\"wp-image-145\" srcset=\"http:\/\/nagibel.com\/wp-content\/uploads\/2019\/07\/IMG-20190721-WA0029-1024x650.jpg 1024w, http:\/\/nagibel.com\/wp-content\/uploads\/2019\/07\/IMG-20190721-WA0029-300x190.jpg 300w, http:\/\/nagibel.com\/wp-content\/uploads\/2019\/07\/IMG-20190721-WA0029-768x488.jpg 768w, http:\/\/nagibel.com\/wp-content\/uploads\/2019\/07\/IMG-20190721-WA0029.jpg 1646w\" sizes=\"(max-width: 1024px) 100vw, 1024px\" \/><figcaption>David pr\u00e9sente les r\u00e9sultats de l&#8217;\u00e9quipe belge [avec Laurence, Jonathan, Fran\u00e7ois et Tyl]<\/figcaption><\/figure>\n\n\n\n<figure class=\"wp-block-image\"><img decoding=\"async\" loading=\"lazy\" width=\"1024\" height=\"576\" src=\"http:\/\/nagibel.com\/wp-content\/uploads\/2019\/07\/IMG-20190721-WA0037-1024x576.jpg\" alt=\"\" class=\"wp-image-144\" srcset=\"http:\/\/nagibel.com\/wp-content\/uploads\/2019\/07\/IMG-20190721-WA0037-1024x576.jpg 1024w, http:\/\/nagibel.com\/wp-content\/uploads\/2019\/07\/IMG-20190721-WA0037-300x169.jpg 300w, http:\/\/nagibel.com\/wp-content\/uploads\/2019\/07\/IMG-20190721-WA0037-768x432.jpg 768w, http:\/\/nagibel.com\/wp-content\/uploads\/2019\/07\/IMG-20190721-WA0037.jpg 1919w\" sizes=\"(max-width: 1024px) 100vw, 1024px\" \/><figcaption>D\u00e9monstration de Zen Nihon Kata <\/figcaption><\/figure>\n\n\n\n<figure class=\"wp-block-image\"><img decoding=\"async\" loading=\"lazy\" width=\"1024\" height=\"960\" src=\"http:\/\/nagibel.com\/wp-content\/uploads\/2019\/07\/IMG-20190721-WA0062-1024x960.jpg\" alt=\"\" class=\"wp-image-146\" srcset=\"http:\/\/nagibel.com\/wp-content\/uploads\/2019\/07\/IMG-20190721-WA0062-1024x960.jpg 1024w, http:\/\/nagibel.com\/wp-content\/uploads\/2019\/07\/IMG-20190721-WA0062-300x281.jpg 300w, http:\/\/nagibel.com\/wp-content\/uploads\/2019\/07\/IMG-20190721-WA0062-768x720.jpg 768w, http:\/\/nagibel.com\/wp-content\/uploads\/2019\/07\/IMG-20190721-WA0062.jpg 1080w\" sizes=\"(max-width: 1024px) 100vw, 1024px\" \/><figcaption>On a offert un tenugui \u00e0 la Reine<\/figcaption><\/figure>\n","protected":false},"excerpt":{"rendered":"<p>A l&#8217;occasion des festivit\u00e9s du 21 juillet 2019, nous avons eu l&#8217;occasion de faire une d\u00e9monstration devant le Roi et la Reine.<\/p>\n","protected":false},"author":1,"featured_media":0,"parent":0,"menu_order":0,"comment_status":"closed","ping_status":"closed","template":"","meta":[],"_links":{"self":[{"href":"http:\/\/nagibel.com\/index.php\/wp-json\/wp\/v2\/pages\/143"}],"collection":[{"href":"http:\/\/nagibel.com\/index.php\/wp-json\/wp\/v2\/pages"}],"about":[{"href":"http:\/\/nagibel.com\/index.php\/wp-json\/wp\/v2\/types\/page"}],"author":[{"embeddable":true,"href":"http:\/\/nagibel.com\/index.php\/wp-json\/wp\/v2\/users\/1"}],"replies":[{"embeddable":true,"href":"http:\/\/nagibel.com\/index.php\/wp-json\/wp\/v2\/comments?post=143"}],"version-history":[{"count":1,"href":"http:\/\/nagibel.com\/index.php\/wp-json\/wp\/v2\/pages\/143\/revisions"}],"predecessor-version":[{"id":147,"href":"http:\/\/nagibel.com\/index.php\/wp-json\/wp\/v2\/pages\/143\/revisions\/147"}],"wp:attachment":[{"href":"http:\/\/nagibel.com\/index.php\/wp-json\/wp\/v2\/media?parent=143"}],"curies":[{"name":"wp","href":"https:\/\/api.w.org\/{rel}","templated":true}]}}