{"id":1328,"date":"2022-12-27T14:50:16","date_gmt":"2022-12-27T13:50:16","guid":{"rendered":"http:\/\/nagibel.com\/?page_id=1328"},"modified":"2022-12-27T17:16:28","modified_gmt":"2022-12-27T16:16:28","slug":"les-anciennes-ecoles","status":"publish","type":"page","link":"http:\/\/nagibel.com\/index.php\/les-anciennes-ecoles\/","title":{"rendered":"Les anciennes \u00e9coles"},"content":{"rendered":"\n<p>Il a exist\u00e9 au Japon des centaines d&#8217;\u00e9coles d&#8217;arts martiaux.<\/p>\n\n\n\n<p>Celles-ci se sont m\u00e9lang\u00e9es, perdues o\u00f9 ont \u00e9volu\u00e9 suivant les diff\u00e9rents ma\u00eetres.<\/p>\n\n\n\n<p>La naginata tel que l&#8217;on le pratique actuellement est tr\u00e8s jeune&nbsp;: L&#8217;Atarashii Naginata est n\u00e9 en 1950&nbsp;!<\/p>\n\n\n\n<p>Voici une liste (certainement non compl\u00e8te!) des diff\u00e9rentes \u00e9coles qui pratiquaient, entre autres, le naginata <em>(en effet, les \u00e9coles m\u00e9langeaient souvent les styles car l&#8217;on consid\u00e9rait qu&#8217;un guerrier devait pouvoir attaquer avec plusieurs armes et surtout se d\u00e9fendre contre un adversaire qui utiliserait une arme diff\u00e9rente de la sienne)&nbsp;:<\/em><\/p>\n\n\n\n<p><a href=\"http:\/\/nagibel.com\/index.php\/anazawa-ryu-2\/\" data-type=\"page\" data-id=\"1309\">Anazawa ryu<\/a><\/p>\n\n\n\n<p><a href=\"http:\/\/nagibel.com\/index.php\/araki-ryu-2\/\" data-type=\"page\" data-id=\"1300\">Araki ryu<\/a><\/p>\n\n\n\n<p>Chokugen-ryu<\/p>\n\n\n\n<p>Gassan-ryu<\/p>\n\n\n\n<p><a href=\"http:\/\/nagibel.com\/index.php\/higo-ko-ryu\/\" data-type=\"page\" data-id=\"1298\">Higo Ko-ryu<\/a><\/p>\n\n\n\n<p><a href=\"http:\/\/nagibel.com\/index.php\/hokushin-itto-ryu\/\" data-type=\"page\" data-id=\"1291\">Hokushin-Itto Ryu<\/a><\/p>\n\n\n\n<p>Jikishin Kage-ryu<\/p>\n\n\n\n<p><a href=\"http:\/\/nagibel.com\/index.php\/kashima-sinto-ryu\/\" data-type=\"page\" data-id=\"1316\">Kashima Sinto Ryu<\/a><\/p>\n\n\n\n<p><a href=\"http:\/\/nagibel.com\/index.php\/katori-shinto-ryu\/\">Katori Shinto-ryu<\/a><\/p>\n\n\n\n<p>Kogen Itto-ryu<\/p>\n\n\n\n<p>Kukishin-ryu<\/p>\n\n\n\n<p><a href=\"http:\/\/nagibel.com\/index.php\/maniwa-nen-ryu\/\" data-type=\"page\" data-id=\"1302\">Maniwa Nen-Ryu<\/a><\/p>\n\n\n\n<p>Saburi Ryu<\/p>\n\n\n\n<p>Seni-ryu<\/p>\n\n\n\n<p>Shingyoto-ryu<\/p>\n\n\n\n<p><a href=\"http:\/\/nagibel.com\/index.php\/suio-ryu\/\" data-type=\"page\" data-id=\"1306\">Suio ryu<\/a><\/p>\n\n\n\n<p><a href=\"http:\/\/nagibel.com\/index.php\/takenouchi-ryu\/\" data-type=\"page\" data-id=\"1314\">Takenouchi-ryu<\/a><\/p>\n\n\n\n<p><a href=\"http:\/\/nagibel.com\/index.php\/tendo-ryu\/\">Tendo ryu<\/a><\/p>\n\n\n\n<p>Toda-ha Buko-ryu<\/p>\n\n\n\n<p><a href=\"http:\/\/nagibel.com\/index.php\/yoshin-ryu\/\" data-type=\"page\" data-id=\"1296\">Yoshin ryu<\/a><\/p>\n","protected":false},"excerpt":{"rendered":"<p>Il a exist\u00e9 au Japon des centaines d&#8217;\u00e9coles d&#8217;arts martiaux. Celles-ci se sont m\u00e9lang\u00e9es, perdues o\u00f9 ont \u00e9volu\u00e9 suivant les diff\u00e9rents ma\u00eetres. La naginata tel que l&#8217;on le pratique actuellement est tr\u00e8s jeune&nbsp;: L&#8217;Atarashii Naginata est n\u00e9 en 1950&nbsp;! Voici <a class=\"more-link\" href=\"http:\/\/nagibel.com\/index.php\/les-anciennes-ecoles\/\">Continue reading <span class=\"screen-reader-text\">  Les anciennes \u00e9coles<\/span><span class=\"meta-nav\">&rarr;<\/span><\/a><\/p>\n","protected":false},"author":1,"featured_media":0,"parent":0,"menu_order":0,"comment_status":"closed","ping_status":"closed","template":"","meta":[],"_links":{"self":[{"href":"http:\/\/nagibel.com\/index.php\/wp-json\/wp\/v2\/pages\/1328"}],"collection":[{"href":"http:\/\/nagibel.com\/index.php\/wp-json\/wp\/v2\/pages"}],"about":[{"href":"http:\/\/nagibel.com\/index.php\/wp-json\/wp\/v2\/types\/page"}],"author":[{"embeddable":true,"href":"http:\/\/nagibel.com\/index.php\/wp-json\/wp\/v2\/users\/1"}],"replies":[{"embeddable":true,"href":"http:\/\/nagibel.com\/index.php\/wp-json\/wp\/v2\/comments?post=1328"}],"version-history":[{"count":10,"href":"http:\/\/nagibel.com\/index.php\/wp-json\/wp\/v2\/pages\/1328\/revisions"}],"predecessor-version":[{"id":1372,"href":"http:\/\/nagibel.com\/index.php\/wp-json\/wp\/v2\/pages\/1328\/revisions\/1372"}],"wp:attachment":[{"href":"http:\/\/nagibel.com\/index.php\/wp-json\/wp\/v2\/media?parent=1328"}],"curies":[{"name":"wp","href":"https:\/\/api.w.org\/{rel}","templated":true}]}}