{"id":1309,"date":"2022-12-27T15:29:06","date_gmt":"2022-12-27T14:29:06","guid":{"rendered":"http:\/\/nagibel.com\/?page_id=1309"},"modified":"2022-12-27T15:39:52","modified_gmt":"2022-12-27T14:39:52","slug":"anazawa-ryu-2","status":"publish","type":"page","link":"http:\/\/nagibel.com\/index.php\/anazawa-ryu-2\/","title":{"rendered":"Anazawa ryu"},"content":{"rendered":"\n<p>Anazawa-ryu est une \u00e9cole de Naginatajutsu fond\u00e9 au 17\u00e8me si\u00e8cle par l&#8217;un des plus grand samourai de son \u00e9poque Anazawa Jokin, dont on dit qu&#8217;il ne fut jamais battu.<\/p>\n\n\n\n<figure class=\"wp-block-image size-full is-resized\"><img decoding=\"async\" loading=\"lazy\" src=\"http:\/\/nagibel.com\/wp-content\/uploads\/2022\/12\/image-1.png\" alt=\"\" class=\"wp-image-1340\" width=\"371\" height=\"185\" srcset=\"http:\/\/nagibel.com\/wp-content\/uploads\/2022\/12\/image-1.png 906w, http:\/\/nagibel.com\/wp-content\/uploads\/2022\/12\/image-1-300x150.png 300w, http:\/\/nagibel.com\/wp-content\/uploads\/2022\/12\/image-1-768x385.png 768w, http:\/\/nagibel.com\/wp-content\/uploads\/2022\/12\/image-1-640x318.png 640w\" sizes=\"(max-width: 371px) 100vw, 371px\" \/><figcaption class=\"wp-element-caption\">https:\/\/japanbujut.exblog.jp\/19430448\/<\/figcaption><\/figure>\n\n\n\n<p>Anazawa a cr\u00e9\u00e9 une pratique de naginata sp\u00e9cifique pour les femmes, par exemple en courant par petits pas rapide, de mani\u00e8re \u00e0 ce qu&#8217;elles puissent d\u00e9fendre leur honneur et le nom de leur famille.<\/p>\n\n\n\n<p>Cette \u00e9cole fut particuli\u00e8rement populaire durant l&#8217;\u00e8re Edo (1603-1868). <\/p>\n\n\n<div class=\"wp-block-image\">\n<figure class=\"alignright\"><img decoding=\"async\" src=\"https:\/\/web.archive.org\/web\/20181214185806im_\/http:\/\/www.nagibel.be\/uploads\/images\/historique\/anazawa.jpg\" alt=\"\"\/><figcaption class=\"wp-element-caption\">Igarashi sensei avant la 2\u00e8me guerre mondiale.<\/figcaption><\/figure><\/div>\n\n\n<figure class=\"wp-block-image size-full\"><img decoding=\"async\" loading=\"lazy\" width=\"400\" height=\"285\" src=\"http:\/\/nagibel.com\/wp-content\/uploads\/2022\/12\/image-2.png\" alt=\"\" class=\"wp-image-1343\" srcset=\"http:\/\/nagibel.com\/wp-content\/uploads\/2022\/12\/image-2.png 400w, http:\/\/nagibel.com\/wp-content\/uploads\/2022\/12\/image-2-300x214.png 300w\" sizes=\"(max-width: 400px) 100vw, 400px\" \/><figcaption class=\"wp-element-caption\">Entrainement pour jeunes filles durant la guerre<\/figcaption><\/figure>\n","protected":false},"excerpt":{"rendered":"<p>Anazawa-ryu est une \u00e9cole de Naginatajutsu fond\u00e9 au 17\u00e8me si\u00e8cle par l&#8217;un des plus grand samourai de son \u00e9poque Anazawa Jokin, dont on dit qu&#8217;il ne fut jamais battu. Anazawa a cr\u00e9\u00e9 une pratique de naginata sp\u00e9cifique pour les femmes, <a class=\"more-link\" href=\"http:\/\/nagibel.com\/index.php\/anazawa-ryu-2\/\">Continue reading <span class=\"screen-reader-text\">  Anazawa ryu<\/span><span class=\"meta-nav\">&rarr;<\/span><\/a><\/p>\n","protected":false},"author":1,"featured_media":0,"parent":0,"menu_order":0,"comment_status":"closed","ping_status":"closed","template":"","meta":[],"_links":{"self":[{"href":"http:\/\/nagibel.com\/index.php\/wp-json\/wp\/v2\/pages\/1309"}],"collection":[{"href":"http:\/\/nagibel.com\/index.php\/wp-json\/wp\/v2\/pages"}],"about":[{"href":"http:\/\/nagibel.com\/index.php\/wp-json\/wp\/v2\/types\/page"}],"author":[{"embeddable":true,"href":"http:\/\/nagibel.com\/index.php\/wp-json\/wp\/v2\/users\/1"}],"replies":[{"embeddable":true,"href":"http:\/\/nagibel.com\/index.php\/wp-json\/wp\/v2\/comments?post=1309"}],"version-history":[{"count":4,"href":"http:\/\/nagibel.com\/index.php\/wp-json\/wp\/v2\/pages\/1309\/revisions"}],"predecessor-version":[{"id":1344,"href":"http:\/\/nagibel.com\/index.php\/wp-json\/wp\/v2\/pages\/1309\/revisions\/1344"}],"wp:attachment":[{"href":"http:\/\/nagibel.com\/index.php\/wp-json\/wp\/v2\/media?parent=1309"}],"curies":[{"name":"wp","href":"https:\/\/api.w.org\/{rel}","templated":true}]}}