{"id":1276,"date":"2022-12-26T23:06:22","date_gmt":"2022-12-26T22:06:22","guid":{"rendered":"http:\/\/nagibel.com\/?page_id=1276"},"modified":"2022-12-26T23:08:18","modified_gmt":"2022-12-26T22:08:18","slug":"taira-no-tomomori","status":"publish","type":"page","link":"http:\/\/nagibel.com\/index.php\/taira-no-tomomori\/","title":{"rendered":"Taira no Tomomori"},"content":{"rendered":"<div class=\"wp-block-image\">\n<figure class=\"alignright is-resized\"><img decoding=\"async\" loading=\"lazy\" src=\"https:\/\/web.archive.org\/web\/20181214185640im_\/http:\/\/www.nagibel.be\/uploads\/images\/historique\/jpg1321.jpg\" alt=\"\" width=\"187\" height=\"281\"\/><\/figure><\/div>\n\n\n<p>Taira no Tomomori (1152-1185) \u00e9tait le quatri\u00e8me fils de Taira no Kiyomori.<\/p>\n\n\n\n<p>G\u00e9n\u00e9ral lors de la guerre de Gempei qui opposait les Taira et les Minamoto, il se suicida le 25 avril 1185 durant la bataille de Dan-no-ura, la bataille d\u00e9cisive qui, s&#8217;achevant sur la destruction du clan Taira, mit fin \u00e0 la guerre.<\/p>\n\n\n\n<p>Comme de nombreux membres de son clan, il choisit de se donner la mort plut\u00f4t qu&#8217;\u00eatre captur\u00e9, et se jeta dans la mer apr\u00e8s avoir attach\u00e9 une ancre \u00e0 son pied. La l\u00e9gende veut que l&#8217;on puisse apercevoir dans la mer le visage des Taira d\u00e9c\u00e9d\u00e9s.<\/p>\n\n\n\n<p>Sa fin est racont\u00e9e dans les n\u014d et kabuki initul\u00e9s <em>Funa Benkei<\/em>.<\/p>\n\n\n\n<p>Bien que son fant\u00f4me soit arm\u00e9 d\u2019une Naginata, ce personnage vaincu par Minamoto-no-Yoshitsune, semble n\u2019en avoir jamais utilis\u00e9 de son vivant. Tomomori \u00e9tait un g\u00e9n\u00e9ral de la famille Heike, ce qui soutient cette hypoth\u00e8se puis-ce que la naginata n\u2019\u00e9tait pas une arme de g\u00e9n\u00e9ral.<\/p>\n\n\n<div class=\"wp-block-image\">\n<figure class=\"alignleft\"><img decoding=\"async\" src=\"https:\/\/web.archive.org\/web\/20181214185640im_\/http:\/\/www.nagibel.be\/uploads\/images\/historique\/tomomori.jpg\" alt=\"\"\/><\/figure><\/div>\n\n\n<p>Il semble que la l\u00e9gende du fant\u00f4me de Tomomori f\u00fbt cr\u00e9\u00e9e pour th\u00e9\u00e2tre Noh, et dans la pi\u00e8ce le concernant, il utilise une naginata au cours d\u2019une danse.<\/p>\n\n\n\n<p>Voici un extrait de la pi\u00e8ce o\u00f9 intervient Tomomori:<\/p>\n\n\n\n<p>( Yoshitsune et Benkei se retrouvent \u00e0 fuir Yoritomo car celui-ci jaloux des prouesses de son fr\u00e8re veut l&#8217;\u00e9liminer)<\/p>\n\n\n\n<p><em>Apr\u00e8s la danse d\u2019adieux, la suite prit le large. Le temps \u00e9tait mauvais mais Benkei insista pour ne pas retarder le d\u00e9part.<\/em><\/p>\n\n\n\n<p><em>Mais peu de temps apr\u00e8s s\u2019\u00eatre \u00e9cart\u00e9 des c\u00f4tes, la temp\u00eate s\u2019intensifia. Sur les hautes vagues, on distingua bient\u00f4t les fant\u00f4mes de la famille des Taira.<\/em><\/p>\n\n\n\n<p><em>Le chef de ses fant\u00f4mes d\u00e9clara&nbsp;:&nbsp;\u00bb Je suis le fant\u00f4me de Taira-no-Tomomori. Nous sommes ici pour prendre notre revanche. Tout comme notre mort se passa sur les flots, la v\u00f4tre sera pareille &#8220;.<\/em><\/p>\n\n\n<div class=\"wp-block-image\">\n<figure class=\"alignright is-resized\"><img decoding=\"async\" loading=\"lazy\" src=\"https:\/\/web.archive.org\/web\/20181214185640im_\/http:\/\/www.nagibel.be\/uploads\/images\/historique\/jpg2091.jpg\" alt=\"\" width=\"219\" height=\"327\"\/><\/figure><\/div>\n\n\n<p><em>Yoshitsune allait d\u00e9gainer son sabre pour combattre l\u2019apparition lorsque Benkei l\u2019interrompit en ces termes:\u201d Il doit \u00eatre impossible de vaincre des fant\u00f4mes \u00e0 l\u2019aide d\u2019un sabre\u201d. Il prit un Juzu (une sorte de chapelet utilis\u00e9 par les bouddhistes) en main et entama une pri\u00e8re Bouddhiste.<\/em><\/p>\n\n\n\n<p><em>Le fant\u00f4me disparu progressivement et le bateau et ses occupants atteignirent la c\u00f4te sains et saufs.<\/em><\/p>\n\n\n\n<p>On peut observer dans la culture japonaise que le personnage de Tomomori \u00e9volue \u00e0 travers les si\u00e8cles: Au 18\u00e8me, il \u00e9tait repr\u00e9sent\u00e9 grima\u00e7ant car proche de la mort ou plein de vengeance; or, au 19\u00e8me, les pi\u00e8ces de th\u00e9\u00e2tres appuient plus sur l&#8217;aspect noble du personnage face \u00e0 sa mort in\u00e9ductable.<\/p>\n","protected":false},"excerpt":{"rendered":"<p>Taira no Tomomori (1152-1185) \u00e9tait le quatri\u00e8me fils de Taira no Kiyomori. G\u00e9n\u00e9ral lors de la guerre de Gempei qui opposait les Taira et les Minamoto, il se suicida le 25 avril 1185 durant la bataille de Dan-no-ura, la bataille <a class=\"more-link\" href=\"http:\/\/nagibel.com\/index.php\/taira-no-tomomori\/\">Continue reading <span class=\"screen-reader-text\">  Taira no Tomomori<\/span><span class=\"meta-nav\">&rarr;<\/span><\/a><\/p>\n","protected":false},"author":1,"featured_media":0,"parent":0,"menu_order":0,"comment_status":"closed","ping_status":"closed","template":"","meta":[],"_links":{"self":[{"href":"http:\/\/nagibel.com\/index.php\/wp-json\/wp\/v2\/pages\/1276"}],"collection":[{"href":"http:\/\/nagibel.com\/index.php\/wp-json\/wp\/v2\/pages"}],"about":[{"href":"http:\/\/nagibel.com\/index.php\/wp-json\/wp\/v2\/types\/page"}],"author":[{"embeddable":true,"href":"http:\/\/nagibel.com\/index.php\/wp-json\/wp\/v2\/users\/1"}],"replies":[{"embeddable":true,"href":"http:\/\/nagibel.com\/index.php\/wp-json\/wp\/v2\/comments?post=1276"}],"version-history":[{"count":3,"href":"http:\/\/nagibel.com\/index.php\/wp-json\/wp\/v2\/pages\/1276\/revisions"}],"predecessor-version":[{"id":1279,"href":"http:\/\/nagibel.com\/index.php\/wp-json\/wp\/v2\/pages\/1276\/revisions\/1279"}],"wp:attachment":[{"href":"http:\/\/nagibel.com\/index.php\/wp-json\/wp\/v2\/media?parent=1276"}],"curies":[{"name":"wp","href":"https:\/\/api.w.org\/{rel}","templated":true}]}}