{"id":1201,"date":"2022-07-31T09:24:45","date_gmt":"2022-07-31T07:24:45","guid":{"rendered":"http:\/\/nagibel.com\/?page_id=1201"},"modified":"2022-07-31T09:24:46","modified_gmt":"2022-07-31T07:24:46","slug":"comme-si-vous-y-etiez-2022","status":"publish","type":"page","link":"http:\/\/nagibel.com\/index.php\/comme-si-vous-y-etiez-2022\/","title":{"rendered":"Comme si vous y \u00e9tiez..2022"},"content":{"rendered":"\n<p>Le 9 juillet avait lieu les championnats de Belgique. Pour Jessica (4\u00e8me kyu) et Stefano (6 kyu), c\u2019\u00e9tait la 1\u00e8re fois..<\/p>\n\n\n\n<p>La journ\u00e9e se d\u00e9roulait en plusieurs phases. Il y avait une partie apprentissage&nbsp;: comment monter un shiai-jo, placer les chaises, respecter le protocole, apprendre les codes des tables d\u2019arbitrage,..C\u2019\u00e9tait l\u2019occasion d\u2019essayer de nouvelle chose comme d\u2019utiliser un drone pour filmer les combats ( Spoiler alerte&nbsp;: A ne pas refaire. \u00c9videmment celui-ci est tomb\u00e9 sur un arbitre en plein combat!). Ensuite, venait la comp\u00e9tition technique avec un partenaire tirer au sort. Pour finir, la partie combat.<\/p>\n\n\n\n<p>\u00ab&nbsp;il y avait une atmosph\u00e8re particuli\u00e8re dans la salle. D\u00e9j\u00e0, il faisait chaud. Mais c\u2019\u00e9tait surtout dans l\u2019attitude des gens. On a commenc\u00e9 par la pr\u00e9paration de la salle, du sol,..<\/p>\n\n\n\n<p>Puis, on a commenc\u00e9 la comp\u00e9tition engi. Il y avait une tension dans l\u2019air. Je ne savais pas \u00e0 quoi m\u2019attendre. Je ne savais pas comment cela se passait. J\u2019\u00e9tais stress\u00e9, c\u2019\u00e9tait assez solennel. Je voulais que ma partenaire soit contente de notre prestation. Je n\u2019osais pas toujours regarder les drapeaux, mais \u00e0 la fin&#8230;on a bien fait cela&nbsp;! Quand c\u2019\u00e9tait notre tour, je me sentais bien, malgr\u00e9 une discipline qu\u2019il n\u2019y a pas toujours en cours. La pression de cette premi\u00e8re comp\u00e9tition \u00e9tait forte.&nbsp;\u00bb<\/p>\n\n\n\n<p>\u00ab&nbsp;Je n\u2019ai jamais fait de comp\u00e9titions de ma vie, donc quand je me suis inscrite, j\u2019\u00e9tais assez curieuse de vivre les enjeux d\u2019une comp\u00e9tition. C\u2019\u00e9tait vraiment enrichissant et sympa. Surtout de pouvoir rencontrer les autres membres de la f\u00e9d\u00e9ration avec lesquels je ne m\u2019entra\u00eene pas.<\/p>\n\n\n\n<p>Bien s\u00fbr, c\u2019\u00e9tait l\u2019occasion de se mesurer aux autres, mais c\u2019\u00e9tait dans un environnement solidaire et bienveillant. Je n\u2019ai pas eu peur, juste une petite pique de stresse quand on m\u2019a dit \u00ab&nbsp;allez, \u00e7a commence&nbsp;!&nbsp;\u00bb mais je me suis dit que vous n\u2019alliez pas me manger et une fois dedans, c\u2019\u00e9tait g\u00e9nial.&nbsp;\u00bb<\/p>\n\n\n\n<p>Apr\u00e8s la partie technique, il \u00e9tait temps de mettre l\u2019armure. Cette derni\u00e8re partie \u00e9tait organis\u00e9e de mani\u00e8re \u00e0 ce que chacun puisse faire de nombreux combats et rencontrer le plus de monde possible. Mettre l\u2019armure n\u2019est pas toujours un exercice facile, mais avec l\u2019excitation de la comp\u00e9tition celle-ci semble l\u00e9g\u00e8re comme une plume.<\/p>\n\n\n\n<p>\u00ab&nbsp;Les combats, cela m\u2019a ramen\u00e9 des ann\u00e9es auparavant. Il y a 20 ans, je faisais de la comp\u00e9tition, du judo entre autres. Ici, on a eu la chance de pouvoir faire de nombreux combats, Je me suis battu de toutes mes forces..je n\u2019ai pas r\u00e9ussi \u00e0 mettre un point, mais j\u2019\u00e9tais tr\u00e8s content de ce que j\u2019ai fait, cela me rend heureux. Je n\u2019\u00e9tais pas stress\u00e9 du tout, j\u2019\u00e9tais bien pr\u00e9par\u00e9 avec les combats que l\u2019on fait en cours. Je ne comprends pas encore pourquoi les points ne sont pas valid\u00e9s, mais cela va venir. J\u2019ai aussi ador\u00e9 la convivialit\u00e9 des repas, le fait de vivre de nouvelles exp\u00e9riences. Cette comp\u00e9tition, c\u2019\u00e9tait vraiment une belle exp\u00e9rience, cela m\u2019a donn\u00e9 une \u00e9nergie folle durant des jours.<\/p>\n\n\n\n<p>\u00ab&nbsp;Les combats arbitr\u00e9s, c\u2019est tr\u00e8s diff\u00e9rent des combats en cours. C\u2019est tr\u00e8s rapide&nbsp;! Parfois, j\u2019avais l\u2019impression que c\u2019\u00e9tait fini en 30 sec. Il y avait un petit go\u00fbt de trop peu, mais quand je mettais un point et qu\u2019il \u00e9tait accord\u00e9, alors l\u00e0, vraiment, j\u2019\u00e9tais tr\u00e8s fi\u00e8re&nbsp;! J\u2019ai vraiment le sentiment d\u2019avoir accompli quelque chose&nbsp;!<\/p>\n\n\n\n<p>Le soir, j\u2019en ai parl\u00e9 \u00e0 toute ma famille, j\u2019\u00e9tais tellement enthousiaste. C\u2019\u00e9tait une sacr\u00e9e validation pour moi, encore plus que lorsque j\u2019ai pass\u00e9 un grade. \u00c7a a mis en perspective ma pratique, les cours,..<\/p>\n\n\n\n<p>Regarder les combats des plus avanc\u00e9s \u00e9tait super. J\u2019ai beaucoup appris et surtout, c\u2019est vraiment impressionnant. \u00c7a me donne encore plus envie de continuer \u00e0 apprendre.&nbsp;\u00bb<\/p>\n\n\n\n<p>Les championnats d\u2019Europe arrivent \u00e0 toute vitesse. Comment vous sentiez vous lors de votre premi\u00e8re comp\u00e9tition&nbsp;? Et maintenant&nbsp;? Avez vous toujours une boule au ventre, l\u2019excitation qui monte dans tous votre corps&nbsp;?<\/p>\n\n\n\n<p>Ici nous sommes tous impatients de vous rencontrer et de partager ces nouvelles exp\u00e9riences.<\/p>\n","protected":false},"excerpt":{"rendered":"<p>Le 9 juillet avait lieu les championnats de Belgique. Pour Jessica (4\u00e8me kyu) et Stefano (6 kyu), c\u2019\u00e9tait la 1\u00e8re fois.. La journ\u00e9e se d\u00e9roulait en plusieurs phases. Il y avait une partie apprentissage&nbsp;: comment monter un shiai-jo, placer les <a class=\"more-link\" href=\"http:\/\/nagibel.com\/index.php\/comme-si-vous-y-etiez-2022\/\">Continue reading <span class=\"screen-reader-text\">  Comme si vous y \u00e9tiez..2022<\/span><span class=\"meta-nav\">&rarr;<\/span><\/a><\/p>\n","protected":false},"author":1,"featured_media":0,"parent":0,"menu_order":0,"comment_status":"closed","ping_status":"closed","template":"","meta":[],"_links":{"self":[{"href":"http:\/\/nagibel.com\/index.php\/wp-json\/wp\/v2\/pages\/1201"}],"collection":[{"href":"http:\/\/nagibel.com\/index.php\/wp-json\/wp\/v2\/pages"}],"about":[{"href":"http:\/\/nagibel.com\/index.php\/wp-json\/wp\/v2\/types\/page"}],"author":[{"embeddable":true,"href":"http:\/\/nagibel.com\/index.php\/wp-json\/wp\/v2\/users\/1"}],"replies":[{"embeddable":true,"href":"http:\/\/nagibel.com\/index.php\/wp-json\/wp\/v2\/comments?post=1201"}],"version-history":[{"count":1,"href":"http:\/\/nagibel.com\/index.php\/wp-json\/wp\/v2\/pages\/1201\/revisions"}],"predecessor-version":[{"id":1202,"href":"http:\/\/nagibel.com\/index.php\/wp-json\/wp\/v2\/pages\/1201\/revisions\/1202"}],"wp:attachment":[{"href":"http:\/\/nagibel.com\/index.php\/wp-json\/wp\/v2\/media?parent=1201"}],"curies":[{"name":"wp","href":"https:\/\/api.w.org\/{rel}","templated":true}]}}