{"id":1133,"date":"2021-06-06T17:44:22","date_gmt":"2021-06-06T15:44:22","guid":{"rendered":"http:\/\/nagibel.com\/?page_id=1133"},"modified":"2021-06-06T17:44:23","modified_gmt":"2021-06-06T15:44:23","slug":"aoi-gozen","status":"publish","type":"page","link":"http:\/\/nagibel.com\/index.php\/aoi-gozen\/","title":{"rendered":"Aoi Gozen"},"content":{"rendered":"\n<div class=\"wp-block-image\"><figure class=\"alignleft\"><img decoding=\"async\" src=\"https:\/\/idata.over-blog.com\/1\/39\/13\/57\/Articles\/aoi-gozen.jpg\" alt=\"\"\/><\/figure><\/div>\n\n\n\n<p>Aoi Gozen, fille de Kurita Hangaku a v\u00e9cu au 12\u00e8me si\u00e8cle (?-1183). Elle excellait dans le maniement de la naginata. Comme Tomoe Gozen, elle \u00e9tait une concubine de Minamoto no Yoshinaka.<\/p>\n\n\n\n<p>Aoi Gozen mourut au combat lors de la bataille du Col de kurikara.<\/p>\n\n\n","protected":false},"excerpt":{"rendered":"<p>Aoi Gozen, fille de Kurita Hangaku a v\u00e9cu au 12\u00e8me si\u00e8cle (?-1183). Elle excellait dans le maniement de la naginata. Comme Tomoe Gozen, elle \u00e9tait une concubine de Minamoto no Yoshinaka. Aoi Gozen mourut au combat lors de la bataille <a class=\"more-link\" href=\"http:\/\/nagibel.com\/index.php\/aoi-gozen\/\">Continue reading <span class=\"screen-reader-text\">  Aoi Gozen<\/span><span class=\"meta-nav\">&rarr;<\/span><\/a><\/p>\n","protected":false},"author":1,"featured_media":0,"parent":0,"menu_order":0,"comment_status":"closed","ping_status":"closed","template":"","meta":[],"_links":{"self":[{"href":"http:\/\/nagibel.com\/index.php\/wp-json\/wp\/v2\/pages\/1133"}],"collection":[{"href":"http:\/\/nagibel.com\/index.php\/wp-json\/wp\/v2\/pages"}],"about":[{"href":"http:\/\/nagibel.com\/index.php\/wp-json\/wp\/v2\/types\/page"}],"author":[{"embeddable":true,"href":"http:\/\/nagibel.com\/index.php\/wp-json\/wp\/v2\/users\/1"}],"replies":[{"embeddable":true,"href":"http:\/\/nagibel.com\/index.php\/wp-json\/wp\/v2\/comments?post=1133"}],"version-history":[{"count":1,"href":"http:\/\/nagibel.com\/index.php\/wp-json\/wp\/v2\/pages\/1133\/revisions"}],"predecessor-version":[{"id":1134,"href":"http:\/\/nagibel.com\/index.php\/wp-json\/wp\/v2\/pages\/1133\/revisions\/1134"}],"wp:attachment":[{"href":"http:\/\/nagibel.com\/index.php\/wp-json\/wp\/v2\/media?parent=1133"}],"curies":[{"name":"wp","href":"https:\/\/api.w.org\/{rel}","templated":true}]}}