{"id":1095,"date":"2021-06-06T13:16:01","date_gmt":"2021-06-06T11:16:01","guid":{"rendered":"http:\/\/nagibel.com\/?page_id=1095"},"modified":"2021-06-06T13:23:35","modified_gmt":"2021-06-06T11:23:35","slug":"championnat-dallemagne-2015","status":"publish","type":"page","link":"http:\/\/nagibel.com\/index.php\/championnat-dallemagne-2015\/","title":{"rendered":"Championnat d&#8217;Allemagne (2015)"},"content":{"rendered":"\n<p>Tyl, Fran\u00e7ois et Laurence vont \u00e0 Leverkusen pour le championnat d&#8217;Allemagne \u00e0 Leverkusen.<\/p>\n\n\n\n<figure class=\"wp-block-image\"><img decoding=\"async\" src=\"http:\/\/dnagb.de\/wordpress\/wp-content\/uploads\/2017\/11\/DM2015.jpg\" alt=\"http:\/\/dnagb.de\/wordpress\/wp-content\/uploads\/2017\/11\/DM2015.jpg\"\/><\/figure>\n","protected":false},"excerpt":{"rendered":"<p>Tyl, Fran\u00e7ois et Laurence vont \u00e0 Leverkusen pour le championnat d&#8217;Allemagne \u00e0 Leverkusen.<\/p>\n","protected":false},"author":1,"featured_media":0,"parent":0,"menu_order":0,"comment_status":"closed","ping_status":"closed","template":"","meta":[],"_links":{"self":[{"href":"http:\/\/nagibel.com\/index.php\/wp-json\/wp\/v2\/pages\/1095"}],"collection":[{"href":"http:\/\/nagibel.com\/index.php\/wp-json\/wp\/v2\/pages"}],"about":[{"href":"http:\/\/nagibel.com\/index.php\/wp-json\/wp\/v2\/types\/page"}],"author":[{"embeddable":true,"href":"http:\/\/nagibel.com\/index.php\/wp-json\/wp\/v2\/users\/1"}],"replies":[{"embeddable":true,"href":"http:\/\/nagibel.com\/index.php\/wp-json\/wp\/v2\/comments?post=1095"}],"version-history":[{"count":2,"href":"http:\/\/nagibel.com\/index.php\/wp-json\/wp\/v2\/pages\/1095\/revisions"}],"predecessor-version":[{"id":1102,"href":"http:\/\/nagibel.com\/index.php\/wp-json\/wp\/v2\/pages\/1095\/revisions\/1102"}],"wp:attachment":[{"href":"http:\/\/nagibel.com\/index.php\/wp-json\/wp\/v2\/media?parent=1095"}],"curies":[{"name":"wp","href":"https:\/\/api.w.org\/{rel}","templated":true}]}}

<p>Tyl, François et Laurence vont à Leverkusen pour le championnat d&#8217;Allemagne à Leverkusen.</p>



<figure class="wp-block-image"><img decoding="async" src="http://dnagb.de/wordpress/wp-content/uploads/2017/11/DM2015.jpg" alt="http://dnagb.de/wordpress/wp-content/uploads/2017/11/DM2015.jpg"/></figure>

<p>Tyl, François et Laurence vont à Leverkusen pour le championnat d&#8217;Allemagne à Leverkusen.</p>
