{"id":1088,"date":"2021-06-06T13:07:41","date_gmt":"2021-06-06T11:07:41","guid":{"rendered":"http:\/\/nagibel.com\/?page_id=1088"},"modified":"2021-06-06T13:19:52","modified_gmt":"2021-06-06T11:19:52","slug":"championnat-dallemagne-2018","status":"publish","type":"page","link":"http:\/\/nagibel.com\/index.php\/championnat-dallemagne-2018\/","title":{"rendered":"Championnat d&#8217;Allemagne (2018)"},"content":{"rendered":"\n<p>Cette ann\u00e9e, les championnats d&#8217;Allemagne ont lieu \u00e0 Berlin. David, Fran\u00e7ois et Laurence s&#8217;envolent malgr\u00e9 les quelques difficult\u00e9s pour y arbitrer et organiser un petit stage.<\/p>\n\n\n\n<figure class=\"wp-block-image\"><img decoding=\"async\" src=\"http:\/\/dnagb.de\/wordpress\/wp-content\/uploads\/2018\/08\/2018-08-15-dm-gruppenfoto.jpg\" alt=\"http:\/\/dnagb.de\/wordpress\/wp-content\/uploads\/2018\/08\/2018-08-15-dm-gruppenfoto.jpg\"\/><\/figure>\n\n\n\n<p>Engi :<\/p>\n\n\n\n<p>1st: Ines Klose &amp; Mart\u00edn R\u00f6thig (PSV Mainz) <\/p>\n\n\n\n<p>2nd: Dennis Hielscher &amp; Ivan Kuzminski (Benkei Opladen)<\/p>\n\n\n\n<p>3rd: Julian Parrino &amp; Marie-Luise G\u00f6bel, (JGU Mainz) <\/p>\n\n\n\n<p>Shiai:<\/p>\n\n\n\n<p>1. Andreas Nicol (Benkei Opladen) <\/p>\n\n\n\n<p>2. Ines Klose (PSV Mainz) <\/p>\n\n\n\n<p>3. Dennis Hielscher (Benkei Opladen)<\/p>\n\n\n\n<p>Fighting Spirit: Julia Hansen (Benkei Opladen)<\/p>\n","protected":false},"excerpt":{"rendered":"<p>Cette ann\u00e9e, les championnats d&#8217;Allemagne ont lieu \u00e0 Berlin. David, Fran\u00e7ois et Laurence s&#8217;envolent malgr\u00e9 les quelques difficult\u00e9s pour y arbitrer et organiser un petit stage. Engi : 1st: Ines Klose &amp; Mart\u00edn R\u00f6thig (PSV Mainz) 2nd: Dennis Hielscher &amp; <a class=\"more-link\" href=\"http:\/\/nagibel.com\/index.php\/championnat-dallemagne-2018\/\">Continue reading <span class=\"screen-reader-text\">  Championnat d&#8217;Allemagne (2018)<\/span><span class=\"meta-nav\">&rarr;<\/span><\/a><\/p>\n","protected":false},"author":1,"featured_media":0,"parent":0,"menu_order":0,"comment_status":"closed","ping_status":"closed","template":"","meta":[],"_links":{"self":[{"href":"http:\/\/nagibel.com\/index.php\/wp-json\/wp\/v2\/pages\/1088"}],"collection":[{"href":"http:\/\/nagibel.com\/index.php\/wp-json\/wp\/v2\/pages"}],"about":[{"href":"http:\/\/nagibel.com\/index.php\/wp-json\/wp\/v2\/types\/page"}],"author":[{"embeddable":true,"href":"http:\/\/nagibel.com\/index.php\/wp-json\/wp\/v2\/users\/1"}],"replies":[{"embeddable":true,"href":"http:\/\/nagibel.com\/index.php\/wp-json\/wp\/v2\/comments?post=1088"}],"version-history":[{"count":3,"href":"http:\/\/nagibel.com\/index.php\/wp-json\/wp\/v2\/pages\/1088\/revisions"}],"predecessor-version":[{"id":1101,"href":"http:\/\/nagibel.com\/index.php\/wp-json\/wp\/v2\/pages\/1088\/revisions\/1101"}],"wp:attachment":[{"href":"http:\/\/nagibel.com\/index.php\/wp-json\/wp\/v2\/media?parent=1088"}],"curies":[{"name":"wp","href":"https:\/\/api.w.org\/{rel}","templated":true}]}}