{"id":1002,"date":"2021-06-06T10:01:35","date_gmt":"2021-06-06T08:01:35","guid":{"rendered":"http:\/\/nagibel.com\/?page_id=1002"},"modified":"2021-06-06T10:05:01","modified_gmt":"2021-06-06T08:05:01","slug":"gertrud-pfister","status":"publish","type":"page","link":"http:\/\/nagibel.com\/index.php\/gertrud-pfister\/","title":{"rendered":"Gertrud Pfister"},"content":{"rendered":"\n<p>Gertrud Pfister est professeur \u00e0 l&#8217;universit\u00e9 de Copenhage. Elle est sp\u00e9cialis\u00e9e sur la question du genre dans le sport. <\/p>\n\n\n\n<p>Elle a \u00e9crit plusieurs articles et livres sur la question, dont &#8220;<em>Les femmes dans les jeux et sports traditionnels&#8221; <\/em>publi\u00e9 en fran\u00e7ais en 2004 o\u00f9 elle \u00e9voque naturellement le Naginata.<\/p>\n\n\n\n<figure class=\"wp-block-image size-large\"><img decoding=\"async\" loading=\"lazy\" width=\"811\" height=\"1024\" src=\"http:\/\/nagibel.com\/wp-content\/uploads\/2021\/06\/Gertrud-Pfister-1-811x1024.png\" alt=\"\" class=\"wp-image-1004\" srcset=\"http:\/\/nagibel.com\/wp-content\/uploads\/2021\/06\/Gertrud-Pfister-1-811x1024.png 811w, http:\/\/nagibel.com\/wp-content\/uploads\/2021\/06\/Gertrud-Pfister-1-238x300.png 238w, http:\/\/nagibel.com\/wp-content\/uploads\/2021\/06\/Gertrud-Pfister-1-768x970.png 768w, http:\/\/nagibel.com\/wp-content\/uploads\/2021\/06\/Gertrud-Pfister-1.png 855w\" sizes=\"(max-width: 811px) 100vw, 811px\" \/><\/figure>\n\n\n\n<figure class=\"wp-block-image size-large\"><img decoding=\"async\" loading=\"lazy\" width=\"811\" height=\"1024\" src=\"http:\/\/nagibel.com\/wp-content\/uploads\/2021\/06\/Gertrud-Pfister2-811x1024.png\" alt=\"\" class=\"wp-image-1005\" srcset=\"http:\/\/nagibel.com\/wp-content\/uploads\/2021\/06\/Gertrud-Pfister2-811x1024.png 811w, http:\/\/nagibel.com\/wp-content\/uploads\/2021\/06\/Gertrud-Pfister2-238x300.png 238w, http:\/\/nagibel.com\/wp-content\/uploads\/2021\/06\/Gertrud-Pfister2-768x970.png 768w, http:\/\/nagibel.com\/wp-content\/uploads\/2021\/06\/Gertrud-Pfister2.png 855w\" sizes=\"(max-width: 811px) 100vw, 811px\" \/><\/figure>\n\n\n\n<figure class=\"wp-block-image size-large\"><img decoding=\"async\" loading=\"lazy\" width=\"811\" height=\"1024\" src=\"http:\/\/nagibel.com\/wp-content\/uploads\/2021\/06\/Gertrud-Pfister3-811x1024.png\" alt=\"\" class=\"wp-image-1006\" srcset=\"http:\/\/nagibel.com\/wp-content\/uploads\/2021\/06\/Gertrud-Pfister3-811x1024.png 811w, http:\/\/nagibel.com\/wp-content\/uploads\/2021\/06\/Gertrud-Pfister3-238x300.png 238w, http:\/\/nagibel.com\/wp-content\/uploads\/2021\/06\/Gertrud-Pfister3-768x970.png 768w, http:\/\/nagibel.com\/wp-content\/uploads\/2021\/06\/Gertrud-Pfister3.png 855w\" sizes=\"(max-width: 811px) 100vw, 811px\" \/><\/figure>\n\n\n\n<figure class=\"wp-block-image size-large\"><img decoding=\"async\" loading=\"lazy\" width=\"809\" height=\"1024\" src=\"http:\/\/nagibel.com\/wp-content\/uploads\/2021\/06\/Gertrud-Pfister4-809x1024.png\" alt=\"\" class=\"wp-image-1007\" srcset=\"http:\/\/nagibel.com\/wp-content\/uploads\/2021\/06\/Gertrud-Pfister4-809x1024.png 809w, http:\/\/nagibel.com\/wp-content\/uploads\/2021\/06\/Gertrud-Pfister4-237x300.png 237w, http:\/\/nagibel.com\/wp-content\/uploads\/2021\/06\/Gertrud-Pfister4-768x972.png 768w, http:\/\/nagibel.com\/wp-content\/uploads\/2021\/06\/Gertrud-Pfister4.png 853w\" sizes=\"(max-width: 809px) 100vw, 809px\" \/><\/figure>\n\n\n\n<figure class=\"wp-block-image size-large\"><img decoding=\"async\" loading=\"lazy\" width=\"808\" height=\"1024\" src=\"http:\/\/nagibel.com\/wp-content\/uploads\/2021\/06\/Gertrud-Pfister5-808x1024.png\" alt=\"\" class=\"wp-image-1008\" srcset=\"http:\/\/nagibel.com\/wp-content\/uploads\/2021\/06\/Gertrud-Pfister5-808x1024.png 808w, http:\/\/nagibel.com\/wp-content\/uploads\/2021\/06\/Gertrud-Pfister5-237x300.png 237w, http:\/\/nagibel.com\/wp-content\/uploads\/2021\/06\/Gertrud-Pfister5-768x974.png 768w, http:\/\/nagibel.com\/wp-content\/uploads\/2021\/06\/Gertrud-Pfister5.png 852w\" sizes=\"(max-width: 808px) 100vw, 808px\" \/><\/figure>\n\n\n\n<figure class=\"wp-block-image size-large\"><img decoding=\"async\" loading=\"lazy\" width=\"810\" height=\"1024\" src=\"http:\/\/nagibel.com\/wp-content\/uploads\/2021\/06\/Gertrud-Pfister6-810x1024.png\" alt=\"\" class=\"wp-image-1009\" srcset=\"http:\/\/nagibel.com\/wp-content\/uploads\/2021\/06\/Gertrud-Pfister6-810x1024.png 810w, http:\/\/nagibel.com\/wp-content\/uploads\/2021\/06\/Gertrud-Pfister6-237x300.png 237w, http:\/\/nagibel.com\/wp-content\/uploads\/2021\/06\/Gertrud-Pfister6-768x971.png 768w, http:\/\/nagibel.com\/wp-content\/uploads\/2021\/06\/Gertrud-Pfister6.png 854w\" sizes=\"(max-width: 810px) 100vw, 810px\" \/><\/figure>\n\n\n\n<figure class=\"wp-block-image size-large\"><img decoding=\"async\" loading=\"lazy\" width=\"810\" height=\"1024\" src=\"http:\/\/nagibel.com\/wp-content\/uploads\/2021\/06\/Gertrud-Pfister7-810x1024.png\" alt=\"\" class=\"wp-image-1010\" srcset=\"http:\/\/nagibel.com\/wp-content\/uploads\/2021\/06\/Gertrud-Pfister7-810x1024.png 810w, http:\/\/nagibel.com\/wp-content\/uploads\/2021\/06\/Gertrud-Pfister7-237x300.png 237w, http:\/\/nagibel.com\/wp-content\/uploads\/2021\/06\/Gertrud-Pfister7-768x971.png 768w, http:\/\/nagibel.com\/wp-content\/uploads\/2021\/06\/Gertrud-Pfister7.png 854w\" sizes=\"(max-width: 810px) 100vw, 810px\" \/><\/figure>\n\n\n\n<figure class=\"wp-block-image size-large\"><img decoding=\"async\" loading=\"lazy\" width=\"809\" height=\"1024\" src=\"http:\/\/nagibel.com\/wp-content\/uploads\/2021\/06\/Gertrud-Pfister8-809x1024.png\" alt=\"\" class=\"wp-image-1011\" srcset=\"http:\/\/nagibel.com\/wp-content\/uploads\/2021\/06\/Gertrud-Pfister8-809x1024.png 809w, http:\/\/nagibel.com\/wp-content\/uploads\/2021\/06\/Gertrud-Pfister8-237x300.png 237w, http:\/\/nagibel.com\/wp-content\/uploads\/2021\/06\/Gertrud-Pfister8-768x972.png 768w, http:\/\/nagibel.com\/wp-content\/uploads\/2021\/06\/Gertrud-Pfister8.png 853w\" sizes=\"(max-width: 809px) 100vw, 809px\" \/><\/figure>\n\n\n\n<p><\/p>\n","protected":false},"excerpt":{"rendered":"<p>Gertrud Pfister est professeur \u00e0 l&#8217;universit\u00e9 de Copenhage. Elle est sp\u00e9cialis\u00e9e sur la question du genre dans le sport. Elle a \u00e9crit plusieurs articles et livres sur la question, dont &#8220;Les femmes dans les jeux et sports traditionnels&#8221; publi\u00e9 en <a class=\"more-link\" href=\"http:\/\/nagibel.com\/index.php\/gertrud-pfister\/\">Continue reading <span class=\"screen-reader-text\">  Gertrud Pfister<\/span><span class=\"meta-nav\">&rarr;<\/span><\/a><\/p>\n","protected":false},"author":1,"featured_media":0,"parent":0,"menu_order":0,"comment_status":"closed","ping_status":"closed","template":"","meta":[],"_links":{"self":[{"href":"http:\/\/nagibel.com\/index.php\/wp-json\/wp\/v2\/pages\/1002"}],"collection":[{"href":"http:\/\/nagibel.com\/index.php\/wp-json\/wp\/v2\/pages"}],"about":[{"href":"http:\/\/nagibel.com\/index.php\/wp-json\/wp\/v2\/types\/page"}],"author":[{"embeddable":true,"href":"http:\/\/nagibel.com\/index.php\/wp-json\/wp\/v2\/users\/1"}],"replies":[{"embeddable":true,"href":"http:\/\/nagibel.com\/index.php\/wp-json\/wp\/v2\/comments?post=1002"}],"version-history":[{"count":2,"href":"http:\/\/nagibel.com\/index.php\/wp-json\/wp\/v2\/pages\/1002\/revisions"}],"predecessor-version":[{"id":1014,"href":"http:\/\/nagibel.com\/index.php\/wp-json\/wp\/v2\/pages\/1002\/revisions\/1014"}],"wp:attachment":[{"href":"http:\/\/nagibel.com\/index.php\/wp-json\/wp\/v2\/media?parent=1002"}],"curies":[{"name":"wp","href":"https:\/\/api.w.org\/{rel}","templated":true}]}}